/*
SQLyog Ultimate v10.3 
MySQL - 5.5.68-MariaDB : Database - saatap
*********************************************************************
*/




/*Table structure for table `disposisi` */

CREATE TABLE `disposisi` (
  `id` int(11) NOT NULL AUTO_INCREMENT,
  `suratmasuk_id` int(11) NOT NULL,
  `pengolah_dari` int(11) NOT NULL,
  `jabatan_dari` int(4) DEFAULT NULL,
  `pengolah_tujuan` int(11) NOT NULL,
  `jabatan_tujuan` int(4) DEFAULT NULL,
  `keterangan` text NOT NULL,
  `waktu` timestamp NOT NULL DEFAULT CURRENT_TIMESTAMP,
  `disposisi` int(11) NOT NULL,
  `sifat` int(1) DEFAULT NULL,
  `petunjuk` int(2) DEFAULT NULL,
  PRIMARY KEY (`id`)
) ENGINE=InnoDB DEFAULT CHARSET=latin1;

/*Data for the table `disposisi` */

/*Table structure for table `instsatker` */

CREATE TABLE `instsatker` (
  `id` int(11) NOT NULL AUTO_INCREMENT,
  `urut` int(2) NOT NULL,
  `nama` varchar(100) NOT NULL,
  `kode_satker` varchar(7) NOT NULL,
  `kode_surat` varchar(8) NOT NULL,
  `koneksi` varchar(20) NOT NULL,
  `proses` datetime NOT NULL,
  PRIMARY KEY (`id`)
) ENGINE=InnoDB AUTO_INCREMENT=24 DEFAULT CHARSET=latin1;

/*Data for the table `instsatker` */

insert  into `instsatker`(`id`,`urut`,`nama`,`kode_satker`,`kode_surat`,`koneksi`,`proses`) values (1,0,'Pengadilan Tinggi Agama Medan','401777','W2-A','','0000-00-00 00:00:00'),(2,2,'Pengadilan Agama Binjai','401783','W2-A2','','0000-00-00 00:00:00'),(3,14,'Pengadilan Agama Kabanjahe','401792','W2-A14','','0000-00-00 00:00:00'),(4,1,'Pengadilan Agama Medan','401803','W2-A1','','0000-00-00 00:00:00'),(5,4,'Pengadilan Agama Rantauprapat','401812','W2-A4','','0000-00-00 00:00:00'),(6,3,'Pengadilan Agama Tanjung Balai','401828','W2-A3','','0000-00-00 00:00:00'),(7,6,'Pengadilan Agama Tebing Tinggi','401834','W2-A6','','0000-00-00 00:00:00'),(8,13,'Pengadilan Agama Sidikalang','401840','W2-A13','','0000-00-00 00:00:00'),(9,7,'Pengadilan Agama Pematang Siantar','401859','W2-A7','','0000-00-00 00:00:00'),(10,8,'Pengadilan Agama Balige','401865','W2-A8','','0000-00-00 00:00:00'),(11,5,'Pengadilan Agama Sibolga','401871','W2-A5','','0000-00-00 00:00:00'),(12,9,'Pengadilan Agama Padang Sidimpuan','401880','W2-A9','','0000-00-00 00:00:00'),(13,15,'Pengadilan Agama Gunung Sitoli','401896','W2-A15','','0000-00-00 00:00:00'),(14,22,'Pengadilan Agama Sibuhuan','401934','W2-A22','','0000-00-00 00:00:00'),(15,21,'Pengadilan Agama Sei Rampah','401935','W2-A21','','0000-00-00 00:00:00'),(16,20,'Pengadilan Agama Kota Padang Sidimpuan','682232','W2-A20','','0000-00-00 00:00:00'),(17,11,'Pengadilan Agama Kisaran','403061','W2-A11','','0000-00-00 00:00:00'),(18,10,'Pengadilan Agama Lubuk Pakam','403077','W2-A10','','0000-00-00 00:00:00'),(19,12,'Pengadilan Agama Simalungun','403083','W2-A12','','0000-00-00 00:00:00'),(20,16,'Pengadilan Agama Stabat','547682','W2-A16','','0000-00-00 00:00:00'),(21,17,'Pengadilan Agama Pandan','604744','W2-A17','','0000-00-00 00:00:00'),(22,18,'Pengadilan Agama Tarutung','631978','W2-A18','','0000-00-00 00:00:00'),(23,19,'Pengadilan Agama Panyabungan','631982','W2-A19','','0000-00-00 00:00:00');

/*Table structure for table `kategori` */

CREATE TABLE `kategori` (
  `id` int(11) NOT NULL AUTO_INCREMENT,
  `idnew` int(11) DEFAULT NULL,
  `kode` varchar(20) DEFAULT NULL,
  `keterangan` varchar(100) DEFAULT NULL,
  `aktif` char(1) DEFAULT 'Y',
  PRIMARY KEY (`id`)
) ENGINE=InnoDB AUTO_INCREMENT=22 DEFAULT CHARSET=latin1;

/*Data for the table `kategori` */

insert  into `kategori`(`id`,`idnew`,`kode`,`keterangan`,`aktif`) values ('1','23','OT','Organisasi dan Tata Laksana','Y'),('2','12','HM','Hubungan Masyarakat','Y'),('3','14','KP','Kepegawaian','Y'),('4','22','KU','Keuangan','Y'),('5','0','KS','Kesekretariatan','Y'),('6','15','PL','Perlengkapan','Y'),('7','11','HK','Hukum','Y'),('8','0','PP','Pendidikan & Pelatihan','Y'),('9','0','PB','Pelatihan & Pengembangan','Y'),('10','16','PS','Pengawasan','Y'),('11','0',NULL,NULL,'T'),('12','0',NULL,NULL,'T'),('13','0','KA','KEARSIPAN','Y'),('14','0',NULL,NULL,'T'),('15','0',NULL,NULL,'T'),('16','0',NULL,NULL,'T'),('17','0','PW','PENGAWASAN','Y'),('18','0','RT','RUMAH TANGGA','Y'),('19','0','TI','TEKNOLOGI INFORMASI','Y'),('20','0','DL','PENDIDIKAN DAN PELATIHAN','Y'),('21','0','RA','PERENCANAAN ANGGARAN','Y');


/*Table structure for table `klasifikasi` */

CREATE TABLE `klasifikasi` (
  `id` int(11) NOT NULL AUTO_INCREMENT,
  `id_kategori` int(2) DEFAULT NULL,
  `kode` varchar(10) NOT NULL,
  `klasifikasi` varchar(100) NOT NULL,
  `uraian` text NOT NULL,
  `aktif` char(1) NOT NULL DEFAULT 'Y',
  PRIMARY KEY (`id`)
) ENGINE=InnoDB AUTO_INCREMENT=388 DEFAULT CHARSET=latin1;

/*Data for the table `klasifikasi` */

insert  into `klasifikasi`(`id`,`id_kategori`,`kode`,`klasifikasi`,`uraian`,`aktif`) values (1,1,'OT','ORGANISASI DAN TATALAKSANA','ORGANISASI DAN TATA LAKSANA','N'),(2,1,'OT.00','ORGANISASI','Surat-surat yang berhubungan dengan pembentukan, perubahan organisasi, uraian pekerjaan dan pembahasannya mulai dari awal sampai akhir dan jalur pertanggung jawabannya.','N'),(3,1,'OT.01','TATA LAKSANA','TATA LAKSANA','N'),(4,1,'OT.01.1','PERENCANAAN','Surat-surat yang berhubungan dengan penyusunan perencanaan/program kerja oleh unit-unit kerja Mahkamah Agung secara keseluruhan, termasuk segala jenis pertemuan dalam rangka penentuan kebijaksanaan perencanaan.','N'),(5,1,'OT.01.2','LAPORAN','Surat-surat yang berhubungan dengan laporan umum, monitoring, evaluasi dan unit kerja, baik laporan : bulanan, triwulan, semester, dan tahunan','N'),(6,1,'OT.01.3','PENYUSUNAN PROSEDUR KERJA','Surat-surat yang berkenaan dengan penyusunan sistem, prosedur, pedoman, petunjuk pelaksanaan, tata kerja dan hubungan kerja.','N'),(7,1,'OT.01.4','PENYUSUNAN PEMBAKUAN SARANA KERJA','Surat-surat yang berhubungan dengan penyusunan pembakuan sarana kerja yakni penentuan kualitas dan kuantitas yang meliputi : ukuran, jenis, merek dan sebagainya.','N'),(8,2,'HM.00','PENERANGAN','Surat-surat yang berkenaan dengan segala kegiatan yang berkenaan dengan penerangan terhadap masyarakat tentang kegiatan Mahkamah Agung RI, termasuk didalamnya : konperensi pers, pameran, wawancara, dan penerangan dalam media massa lainnya.','N'),(9,2,'HM.01','HUBUNGAN DAN KEPROTOKOLAN','HUBUNGAN DAN KEPROTOKOLAN','N'),(10,2,'HM.01.1','HUBUNGAN','Surat-surat yang berkenaan dengan segala kegiatan intern Mahkamah Agung RI, dan antara Mahkamah Agung RI dengan pihak lain, baik dalam maupun luar negeri dalam bidang kehumasan, koordinasi, antara lain : bakohumas, hearing DPR, kelompok kerja (POKJA), dan organisasi-organisasi mass media.','N'),(11,2,'HM.01.2','KEPROTOKOLAN','Surat-surat yang berkenaan dengan masalah keprotokolan, seperti : - tamu-tamu pimpinan Mahkamah Agung RI, baik dalam maupun luar negeri. - kunjungan kerja pimpinan dan pejabat Mahkamah Agung RI. - Upacara hari nasional, dan - HUT Mahkamah Agung RI.','N'),(12,2,'HM.02','DOKUMENTASI, KEPUSTAKAAN DAN TEKNOLOGI INFORMASI','DOKUMENTASI, KEPUSTAKAAN DAN TEKNOLOGI INFORMASI','N'),(13,2,'HM.02.1','DOKUMENTASI','Surat-surat yang berkenaan dengan kegiatan yang berhubungan dengan penyedia/pengumpulan bahan/dokumentasi, termasuk penyebarannya.','N'),(14,2,'HM.02.2','KEPUSTAKAAN','Surat-surat yang berhubungan dengan kegiatan yang berhubungan dengan penyedia, pengumpulan, dan penataan bahan-bahan kepustakaan.','N'),(15,2,'HM.02.3','TEKNOLOGI INFORMASI','Surat-surat yang berkenaan dengan kegiatan yang berhubungan dengan perencanaan, penyediaan, pemeliharaan, pengelolaan, dan hal-hal lain yang berkaitan dengan teknologi informasi.','N'),(16,3,'KP','KEPEGAWAIAN','KEPEGAWAIAN','N'),(17,3,'KP.00','PENGADAAN','PENGADAAN','N'),(18,3,'KP.00.1','FORMASI','Surat-surat yang berkenaan dengan perencanaan pengadaan pegawai, nota usul formasi, sampai dengan persetujuan termasuk didalamnya besetting.','N'),(19,3,'KP.00.2','PENERIMAAN','Surat-surat yang berkenaan dengan penerimaan pegawai baru, mulai dan pengumuman penerimaan, panggilan testing/psikotes/clearance test, sampai dengan pengumuman yang diterima, termasuk didalamnya pegawai honorer, seperti : Satpam, Petugas Pramusaji, Supir.','N'),(20,3,'KP.00.3','PENGANGKATAN','Surat-surat yang berkenaan dengan seluruh proses pengangkatan, dan penempatan calon pegawai (CPNS) sampai dengan menjadi pegawai (PNS), mulai dari persyaratan, pemeriksaan kesehatan dan keterangan-keterangan lainnya yang berhubungan dengan pengangkatan.','N'),(21,3,'KP.01','TATA USAHA KEPEGAWAIAN','TATA USAHA KEPEGAWAIAN','N'),(22,3,'KP.01.1','IZIN/DISPENSASI','Surat-surat yang berkenaan dengan izin tidak masuk kerja atas permintaan yang diajukan oleh pegawai yang bersangkutan, maupun dispensasi yang diajukan oleh instansi lain termasuk tugas pada instansi lain baik tugas belajar maupun tugas di luar negeri bagi pegawai Mahkamah Agung RI.','N'),(23,3,'KP.01.2','KETERANGAN','Surat-surat yang berkenaan dengan keterangan pegawai dan keluarganya, termasuk surat-surat yang berkaitan dengan NIP/KARPEG/KARSU/KARSI/ dan data pegawai/pejabat.','N'),(24,3,'KP.02','PENILAIAN DAN HUKUMAN','PENILAIAN DAN HUKUMAN','N'),(25,3,'KP.02.1','PENILAIAN','Surat-surat yang berkenaan dengan penilaian pelaksanaan pekerjaan, disiplin pegawai, pemalsuan administrasi kepegawaian, rehabilitasi dan pemulihan nama baik.','N'),(26,3,'KP.02.2','HUKUMAN','Surat-surat yang berkenaan dengan hukuman pegawai, meliputi : teguran tertulis, pernyataan tidak puas secara tertulis, penundaan kenaikan gaji berkala untuk paling lama 1 (satu) tahun.','N'),(27,3,'KP.03','PEMBINAAN MENTAL','Surat-surat yang berkenaan dengan pembinaan mental pegawai, termasuk didalamnya pembinaan kerohanian.','N'),(28,3,'KP.04','MUTASI','MUTASI','N'),(29,3,'KP.04.1','KEPANGKATAN','Surat-surat yang berkenaan dengan kenaikan pangkat/golongan, termasuk didalamnya ujian dinas, ujian penyesuaian ijazah, dan daftar urut kepangkatan.','N'),(30,3,'KP.04.2','KENAIKAN GAJI BERKALA','Surat-surat yang berkenaan dengan kenaikan gaji berkala.','N'),(31,3,'KP.04.3','PENYESUAIAN MASA KERJA','Surat-surat yang berkenaan dengan penyesuaian masa kerja untuk perubahan ruang gaji dan impassing.','N'),(32,3,'KP.04.4','PENYESUAIAN TUNJANGAN KELUARGA','Surat-surat yang berkenaan dengan penyesuaian tunjangan keluarga.','N'),(33,3,'KP.04.5','ALIH TUGAS','Surat-surat yang berkenaan dengan alih tugas bagi para pelaksana/staf, perpindahan dalam rangka pemantapan tugas kerja termasuk mengenai fasilitasnya.','N'),(34,3,'KP.04.6','JABATAN STRUKTURAL/FUNGSIONAL','Surat-surat yang berkenaan dengan pengangkatan dan pemberhentian dalam jabatan structural/fungsional, termasuk tunjangan jabatan sewaktu penugasan atau pemberian kuasa untuk menjabat sementara.','N'),(35,3,'KP.05','KESEJAHTERAAN','KESEJAHTERAAN','N'),(36,3,'KP.05.1','KESEHATAN','Surat-surat yang berkenaan dengan penyelenggaraan kesehatan bagi pegawai, meliputi : asuransi kesehatan, general check up bagi pimpinan dan pejabat.','N'),(37,3,'KP.05.2','CUTI','Surat-surat yang berkenaan dengan cuti pegawai, meliputi : cuti sakit, cuti hamil/bersalin, cuti diluar tanggungan negara.','N'),(38,3,'KP.05.3','REKREASI DAN OLAH RAGA','Surat-surat yang berkenaan dengan rekreasi olah raga.','N'),(39,3,'KP.05.4','BANTUAN SOSIAL','Surat-surat yang berkenaan dengan pemberian bantuan/tunjangan sosial kepada pegawai dan keluarga yang mengalami musibah, termasuk ucapan bela sungkawa.','N'),(40,3,'KP.05.5','KOPERASI','Surat-surat yang berkenaan dengan organisasi koperasi termasuk didalamnya masalah pengurusan kebutuhan bahan pokok.','N'),(41,3,'KP.05.6','PERUMAHAN','Surat-surat yang berkenaan dengan perumahan pegawai, pejabat structural/fungsional, pimpinan dan hakim agung.','N'),(42,3,'KP.05.7','ANTAR JEMPUT','Surat-surat yang berkenaan dengan transportasi pegawai.','N'),(43,3,'KP.05.8','PENGHARGAAN','Surat-surat yang berkenaan dengan penghargaan, tanda jasa, piagam, satya lencana, dan sejenisnya.','N'),(44,3,'KP.06','PEMUTUSAN HUBUNGAN KERJA','Surat-surat yang berkenaan dengan pensiun pegawai, termasuk jaminan-jaminan asuransi karena berhenti atas permintaan sendiri, berhenti dengan hormat atau bukan karena hukuman, pindah/keluar dari MART dan meninggal dunia.','N'),(45,4,'KU','KEUANGAN','KEUANGAN','N'),(46,4,'KU.00','AKUNTANSI','Surat-surat yang berkenaan dengan penyiapan bahan pelaksanaan dan pembinaan pembukuan keuangan, serta penyusunan perhitungan anggaran.','N'),(47,4,'KU.01','PELAKSANAAN ANGGARAN','Surat-surat yang berkenaan dengan penyiapan bahan bimbingan dalam pelaksanaan penggunaan anggaran dan pertanggung jawaban keuangan.','N'),(48,4,'KU.02','VERIFIKASI DAN TUNTUTAN GANTI RUGI','Surat-surat yang berkenaan dengan penyiapan bahan pencatatan, penelitian, pembinaan, dan penyusunan laporan tentang verifikasi dan tuntutan ganti rugi.','N'),(49,4,'KU.03','PERBENDAHARAAN','Surat-surat yang berkenaan dengan penyiapan bahan bimbingan dalam ketatausahaan perbendaharaan, penyelesaian masalah perbendaharaan, dan pelaksanaan pembinaan bendaharawan.','N'),(50,4,'KU.04','PENDAPATAN NEGARA','PENDAPATAN NEGARA','N'),(51,4,'KU.04.1','PAJAK','Surat-surat yang berkenaan dengan pendapatan negara dan hasil pajak yang meliputi : PPN, Pajak Jasa, PPH, dan pajak lainnya.','N'),(52,4,'KU.04.2','BUKAN PAJAK','Surat-surat yang berkenaan dengan pendapatan negara dan hasil bukan pajak yang meliputi penerimaan dan : biaya perkara, biaya salinan putusan, biaya sewa dari inventaris Negara, hasil penjualan barang-barang inventaris yang dihapus, dan penerimaan Negara bukan pajak lainnya.','N'),(53,4,'KU.05','PERBANKAN','Surat-surat yang berkenaan dengan perbankan antara lain : pembukuan rekening, spesemen tandatangan, valuta asing, rekening koran dan produk perbankan lainnya.','N'),(54,4,'KU.06','SUMBANGAN/BANTUAN','Surat-surat yang berkenaan dengan permintaan, pemberian sumbangan/bantuan khusus diluar tugas pokok Mahkamah Agung, seperti : bencana alam, kebakaran, banjir, qurban, pekan Olah Raga, dan lain sebagainya.','N'),(55,5,'KS','KESEKRETARIATAN','KESEKRETARIATAN','N'),(56,5,'KS.00','KERUMAHTANGGAAN','Surat-surat yang berkenaan dengan : penggunaan fasilitas, ketertiban dan keamanan, konsumsi, pakaian dinas, papan nama, stempel, lambang, alamat kantor dan pejabat, telekomunikasi, listrik, air, dan lain sebagainya.','N'),(57,6,'PL','PERLENGKAPAN','PERLENGKAPAN','N'),(58,6,'PL.01','GEDUNG DAN RUMAH DINAS','Surat-surat yang berkenaan dengan perencanaan, pengadaan, pelelangan, pendistribusian, pemeliharaan dan penghapusan, antara lain : bangunan kantor, rumah dinas, mes, pos jaga, persetujuan gambar gedung, dan lain sebagainya.','N'),(59,6,'PL.02','TANAH','Surat-surat yang berkenaan dengan perencanaan, pengadaan/pelelangan, pemeliharaan, penghapusan dan tuar guling tanah.','N'),(60,6,'PL.03','ALAT KANTOR','Surat-surat yang berkenaan dengan perencanaan, pengadaan, pelelangan, pendistribusian, pemeliharaan dan penghapusan, antara lain : ATK (Alat Tulis Kantor), formulir-formulir, dan lain-lain.','N'),(61,6,'PL.04','MESIN KANTOR/ALAT-ALAT ELEKTRONIK','Surat-surat yang berkenaan dengan perencanaan, pengadaan, pelelangan, pendistribusian, pemeliharaan dan penghapusan, antara lain : AC, amplifier, fotocopy, kamera, kalkulator/mesin hitung, mesin tik, overhead proyector, proyektor film, laptop, komputer/PC, radio, slide, mesin stensil, tape recorder, teleks, video tape, infocus, dan sebagainya.','N'),(62,6,'PL.05','PERABOT KANTOR','Surat-surat yang berkenaan dengan perencanaan, pengadaan, pelelangan, pendistribusian, pemeliharaan dan penghapusan, antara lain : Kursi, Meja, Lemari, Filling Cabinet Rak, dan lain-lain yang sejenis.','N'),(63,6,'PL.06','KENDARAAN','Surat-surat yang berkenaan dengan masalah kendaraan dari perencanaan, pengadaan, pelelangan, pendistribusian, pemeliharaan dan penghapusan.','N'),(64,6,'PL.07','INVENTARIS PERLENGKAPAN','Surat-surat yang berkenaan dengan inventaris perlengkapan, laporan inventaris perlengkapan baik pusat maupun daerah.','N'),(65,6,'PL.08','PENAWARAN UMUM','Surat-surat yang berkenaan dengan pelelangan dari mulai persiapan pelelangan, persyaratan RKS, pelaksanaan pelelangan dan pengumuman pemenang, serta hal-hal lain yang berkaitan dengan pelaksanaan pelelangan.','N'),(66,6,'PL.09','KETATAUSAHAAN','Surat-surat yang berkenaan dengan korespondensi, kearsipan, penandatangan surat dan wewenangnya, cap dinas, dan lain sebagainya.','N'),(67,7,'HK','HUKUM','HUKUM','N'),(68,7,'HK.00','PERATURAN PERUNDANG-UNDANGAN','Surat-surat yang berkenaan dengan proses penyusunan peraturan perundang-undangan produk Mahkamah Agung, dari konsep/draf sampai selesai, maupun produk peraturan perundang-undangan yang diterima baik intern Mahkamah Agung maupun dari instansi lainnya.','N'),(69,7,'HK.00.1','Undang-undang, termasuk PERPU','Undang-undang, termasuk PERPU','N'),(70,7,'HK.00.2','Peraturan Pemerintah','Peraturan Pemerintah','N'),(71,7,'HK.00.3','Peraturan Presiden, Intruksi Presiden, Penetapan P','Peraturan Presiden, Intruksi Presiden, Penetapan Presiden','N'),(72,7,'HK.00.4','Peraturan Ketua Mahkamah Agung','Peraturan Ketua Mahkamah Agung','N'),(73,7,'HK.00.5','Keputusan Mahkamah Agung, Intruksi Mahkamah Agung','Keputusan Mahkamah Agung, Intruksi Mahkamah Agung','N'),(74,7,'HK.00.6','Keputusan Pejabat Eselon I','Keputusan Pejabat Eselon I','N'),(75,7,'HK.00.7','Surat Edaran Pejabat Eselon I','Surat Edaran Pejabat Eselon I','N'),(76,7,'HK.00.8','Peraturan Pengadilan Tingat Banding dan Tingkat Pe','Peraturan Pengadilan Tingat Banding dan Tingkat Pertama','N'),(77,7,'HK.01','PIDANA','Surat-surat yang berkenaan dengan penyelesaian perkara pidana, baik pidana kejahatan maupun pidana pelanggaran.','N'),(78,7,'HK.02','PERDATA','Surat-surat yang berkenaan dengan penyelesaian perkara perdata, baik gugatan maupun permohonan.','N'),(79,7,'HK.03','PERDATA NIAGA','Surat-surat yang berkenaan dengan penyelesaian perkara perdata niaga.','N'),(80,7,'HK.04','PIDANA MILITER','Surat-surat yang berkenaan dengan penyelesaian perkara pidana militer.','N'),(81,7,'HK.05','PERDATA AGAMA','Surat-surat yang berkenaan dengan penyelesaian perdata agama.','N'),(82,7,'HK.06','TATA USAHA NEGARA','Surat-surat yang berkenaan dengan penyelesaian perkara tata usaha negara.','N'),(83,7,'HK.07','PIDANA KHUSUS','Surat-surat yang berkenaan dengan penyelesaian perkara pidana khusus.','N'),(84,8,'PP','PENDIDIKAN DAN PELATIHAN','PENDIDIKAN DAN PELATIHAN','N'),(85,8,'PP.00','PENDIDIKAN DAN PELATIHAN TEKNIS','PENDIDIKAN DAN PELATIHAN TEKNIS','N'),(86,8,'PP.00.1','HAKIM','Surat-surat yang berkenaan dengan perencanaan, pelaksanaan, dan evaluasi penyelenggaraan pendidikan dan pelatihan hakim.','N'),(87,8,'PP.00.2','PANITERA','Surat-surat yang berkenaan dengan perencanaan, pelaksanaan, dan evaluasi penyelenggaraan pendidikan dan pelatihan panitera.','N'),(88,8,'PP.00.3','JURUSITA','Surat-surat yang berkenaan dengan perencanaan, pelaksanaan, dan evaluasi penyelenggaraan pendidikan dan pelatihan jurusita.','N'),(89,8,'PP.00.4','TEKNIS LAINNYA','Surat-surat yang berkenaan dengan perencanaan, pelaksanaan, dan evaluasi penyelenggaraan pendidikan dan pelatihan teknis lainnya.','N'),(90,8,'PP.01','PENDIDIKAN DAN LATIHAN MANAJEMEN','PENDIDIKAN DAN LATIHAN MANAJEMEN','N'),(91,8,'PP.01.1','PENJENJANGAN','Surat-surat yang berkenaan dengan pendidikan penjenjangan, antara lain : Diklatpim Tingat IV, Diklatpim Tingkat III, Diklatpim Tingkat II, Diklatpim Tingkat I, LEMHANAS mulai dari perencanaan, pelaksanaan, dan evaluasi.','N'),(92,8,'PP.01.2','KEPANGKATAN','Surat-surat yang berkenaan dengan pendidikan kepangkatan, antara lain : Pra Jabatan, SISCATUR (Kursus Calon Pengatur), SUSCATA (Kursus Calon Penata), SUSCABIN (Kursus Calon Pembina), mulai dari perencanaan, pelaksanaan, dan evaluasi.','N'),(93,8,'PP.01.3','LATIHAN/KURSUS/PENATARAN MANAJEMEN','Surat-surat yang berkenaan dengan latihan tenaga administrasi, kursus, dan penataran, di bidang manajemen atau lainnya, baik dalam maupun luar negeri, mulai dari perencanaan, pelaksanaan, dan evaluasi.','N'),(94,9,'PB','PELATIHAN DAN PENGEMBANGAN','PELATIHAN DAN PENGEMBANGAN','N'),(95,9,'PB.00','PENELITIAN HUKUM','Surat-surat yang berkenaan dengan penelitian dan pengembangan hukum, sejak dari perencanaan, perizinan, pelaksanaan, sampai dengan pelaporan hasil penelitian.','N'),(96,9,'PB.01','PENELITIAN PERADILAN','Surat-surat yang berkenaan dengan penelitian dan pengembangan peradilan, sejak dari perencanaan, perizinan, pelaksanaan, sampai dengan pelaporan hasil penelitian.','N'),(97,9,'PB.02','PENGEMBANGAN PENELITIAN','Surat-surat yang berkenaan dengan masalah-masalah pengembangan penelitian dan perencanaan, pelaksanaan sampai pelaporan.','N'),(98,10,'PS','PENGAWASAN','PENGAWASAN','N'),(99,10,'PS.00','ADMINISTRASI UMUM','Surat-surat yang berkenaan dengan pengawasan administrasi umum, meliputi : pengawasan ketatausahaan, pengawasan kepegawaian, pengawasan keuangan, pengawasan perlengkapan. Termasuk Laporan Hasil Pemeriksaan (LHK) dan tindak lanjut pemeriksaan.','N'),(100,10,'PS.01','TEKNIS','Surat-surat yang berkenaan dengan pengawasan di bidang teknis peradilan dari mulai perencanaan, pelaksanaan dan Laporan Hasil Pemeriksaan (LHP) dan tindak lanjut pemeriksaan.','N'),(101,11,'HK','HUKUM','HUKUM','Y'),(102,11,'HK1','PERATURAN PERUNDANG-UNDANGAN','Arsip yang berkaitan dengan proses penyusunan peraturan perundang-undangan dari konsep sampai selesai baik yang dibentuk internal maupun eksternal','Y'),(103,11,'HK1.1','PERATURAN PERUNDANG-UNDANGAN EKSTERNAL','Arsip yang berkaitan dengan proses penyusunan mulai dari perencanaan, perumusan sampai penyusunan peraturan perundang-undangan yang dibentuk secara eksternal Mahkamah Agung Republik Indonesia.','Y'),(104,11,'HK1.1.1','UNDANG-UNDANG/PERATURAN PEMERINTAH PENGGANTI UNDANG-UNDANG (PERPU)','','Y'),(105,11,'HK1.1.2','PERATURAN PEMERINTAH','','Y'),(106,11,'HK1.1.3','PERATURAN PRESIDEN','','Y'),(107,11,'HK1.1.4','KEPUTUSAN PRESIDEN','','Y'),(108,11,'HK1.1.5','INSTRUKSI PRESIDEN','','Y'),(109,11,'HK1.2','PERATURAN PERUNDANG-UNDANGAN/KEBIJAKAN INTERNAL','Arsip yang berkaitan dengan proses penyusunan peraturan perundang-undangan yang dibentuk secara internal di Lingkungan\r\nMahkamah Agung dan Badan Peradilan yang Berada di Bawahnya.','Y'),(110,11,'HK1.2.1','PERATURAN MAHKAMAH AGUNG','','Y'),(111,11,'HK1.2.2','INSTRUKSI','','Y'),(112,11,'HK1.2.3','SURAT EDARAN','','Y'),(113,11,'HK1.2.4','MAKLUMAT KETUA MAHKAMAH AGUNG','','Y'),(114,11,'HK1.2.5','KEPUTUSAN','','Y'),(115,11,'HK1.3','SURAT PERJANJIAN/NOTA KESEPAHAMAN','Arsip yang berkaitan dengan kegiatan penyusunan Surat Perjanjian/Nota Kesepahaman di Lingkungan Mahkamah Agung dan Badan Peradilan yang Berada di Bawahnya.','Y'),(116,11,'HK1.3.1','DALAM NEGERI','','Y'),(117,11,'HK1.3.2','LUAR NEGERI','','Y'),(118,11,'HK2','PENYELESAIAN PERKARA','Arsip yang berkaitan dengan penyelesaian perkara dalam berbagai bidang.','Y'),(119,11,'HK2.1','PIDANA UMUM','Arsip yang berkaitan dengan penyelesaian perkara dalam pidana umum.','Y'),(120,11,'HK2.2','PIDANA KHUSUS','Arsip yang berkaitan dengan penyelesaian perkara dalam pidana khusus.','Y'),(121,11,'HK2.3','PIDANA MILITER','Arsip yang berkaitan dengan penyelesaian perkara dalam pidana militer.','Y'),(122,11,'HK2.4','PERDATA UMUM','Arsip yang berkaitan dengan penyelesaian perkara dalam perdata umum.','Y'),(123,11,'HK2.5','PERDATA NIAGA','Arsip yang berkaitan dengan penyelesaian perkara dalam perdata niaga.','Y'),(124,11,'HK2.6','PERDATA AGAMA','Arsip yang berkaitan dengan penyelesaian perkara dalam perdata agama.','Y'),(125,11,'HK2.7','TATA USAHA NEGARA','Arsip yang berkaitan dengan penyelesaian perkara tata usaha negara.','Y'),(126,12,'HM','HUMAS DAN PROTOKOL','','Y'),(127,12,'HM1','HUBUNGAN MASYARAKAT','','Y'),(128,12,'HM1.1','PUBLIKASI INFORMASI','','Y'),(129,12,'HM1.1.1','PENERANGAN DAN PUBLIKASI','Arsip yang berkaitan dengan kegiatan penerangan terhadap masyarakat tentang kegiatan di Lingkungan Mahkamah Agung dan Badan\r\nPeradilan yang Berada di Bawahnya melalui kegiatan publikasi, seperti;\r\na. Wawancara;\r\nb. Pengumuman;\r\nc. Penyiaran;\r\nd. Konferensi pers;\r\ne. Tanggapan terhadap berita media massa (televisi, radio, surat kabar ,sosial media. dll);dan\r\nf.  Liputan kegiatan dinas pimpinan Mahkamah Agung Republik Indonesia.','Y'),(130,12,'HM1.1.2','PIDATO','Arsip yang berkaitan dengan pidato ataupun naskah tertulis lainnya oleh Pimpinan Mahkamah Agung dan Badan Peradilan yang\r\nBerada di Bawahnya, seperti;\r\na. Pidato, ceramah, keynote speech dan sambutan dari tingkat pimpinan tinggi pertama hingga pimpinan Mahkamah Agung;\r\nb. Bahan dan materi pejabat Mahkamah Agung pada MPR, DPR, dan lain-lain.','Y'),(131,12,'HM1.2','DOKUMENTASI DAN PELIPUTAN','Arsip yang berkaitan dengan kegiatan dokumentasi acara yang diselenggarakan di Lingkungan Mahkamah Agung dan Badan Peradilan\r\nyang Berada di Bawahnya seperti dokumentasi dan peliputan acara pimpinan, pelantikan/serah terima jabatan, kegiatan penyusunan\r\nberita pimpinan, seperti:\r\na. Permintaan dokumentasi dan peliputan;dan\r\nb. Hasil dokumentasi berupa foto, video, rekaman suara, dan media dokumentasi lain.','Y'),(132,12,'HM2','HUBUNGAN KELEMBAGAAN','','Y'),(133,12,'HM2.1','HUBUNGAN ANTAR LEMBAGA','Arsip yang berkaitan dengan segala kegiatan di Lingkungan Mahkamah Agung dan Badan Peradilan yang Berada di Bawahnya dengan pihak lain baik dalam dan luar negeri dalam berbagai bidang.','Y'),(134,12,'HM2.1.1','LEMBAGA PEMERINTAH','Arsip yang berkaitan dengan kegiatan hubungan yang dijalan antar Kementerian, Lembaga dan Pemerintah Daerah, seperti;\r\na. Rapat dengan pendapat DPR;\r\nb. Badan Koordinasi Hubungan Masyarakat (BAKOHUMAS); dan\r\nc. Audiensi dengan stakeholder .','Y'),(135,12,'HM2.1.2','LEMBAGA SWASTA','Arsip yang berkaitan dengan kegiatan hubungan dengan pihak swasta, seperti:\r\na. Kerja sama dengan pihak swasta; dan\r\nb. Program pengembangan kompetensi melalui pelatihan','Y'),(136,12,'HM2.1.3','ORGANISASI SOSIAL/LSM','Arsip yang berkaitan dengan kegiatan hubungan dengan organisasi sosial/LSM','Y'),(137,12,'HM2.1.4','PERGURUAN TINGGI','Arsip yang berkaitan dengan kegiatan hubungan dengan perguruan tinggi, seperti:\r\na. Orientasi lapangan dan praktek kerja lapangan (PKL) dari perguruan tinggi; dan\r\nb. Pengadaan program beasiswa.','Y'),(138,12,'HM3','KEPROTOKOLAN','','Y'),(139,12,'HM3.1','UPACARA DAN KEGIATAN RESMI','Arsip yang berkaitan dengan kegiatan Mahkamah Agung dan Badan Peradilan yang Berada di Bawahnya dalam bidang upacara, hari peringatan dan keprotokolan.','Y'),(140,12,'HM3.1.1','UPACARA/ACARA KEDINASAN','Arsip yang berkaitan dengan kegiatan protokoler termasuk upacara bendera, upacara hari besar nasional, hari jadi organisasi,\r\nupacara pelantikan, upacara serah terima dan hari besar keagamaan.','Y'),(141,12,'HM3.1.2','KUNJUNGAN DINAS','Arsip yang berkaitan dengan kegiatan kunjungan dinas dalam dan luar negeri.','Y'),(142,12,'HM3.1.3','AGENDA PIMPINAN','Arsip yang berkaitan dengan kegiatan perencanaan, penjadwalan dan pelaksanaan agenda pimpinan seperti rapat pimpinan.','Y'),(143,13,'KA','KEARSIPAN','','Y'),(144,13,'KA1','KENDALI ARSIP','','Y'),(145,13,'KA1.1','PENGENDALIAN DAN PENGURUSAN ARSIP','Arsip yang berkaitan dengan administrasi pengendalian Arsip masuk dan/atau keluar meliputi kartu, lembaran, dan buku,\r\nseperti:\r\na. tanda/bukti penerimaan/pengiriman Arsip; dan\r\nb. buku agenda/registrasi.','Y'),(146,13,'KA1.2','LAYANAN PENGGUNAAN ARSIP','Arsip yang berkaitan dengan layanan penggunaan arsip meliputi permintaan fotokopi, peminjaman dan/atau legalisasi arsip, seperti:\r\na. formulir/ lembar pelayanan arsip;\r\nb. surat jawaban penyampaian/penolakan permintaan penggandaan;\r\nc. surat permintaan penggandaan arsip;\r\nd. surat permintaan peminjaman arsip;\r\ne. berita acara peminjaman arsip; dan\r\nf. buku agenda peminjaman.','Y'),(147,13,'KA2','PENGELOLAAN ARSIP','','Y'),(148,13,'KA2.1','PENYIMPANAN DAN PEMELIHARAAN ARSIP','Arsip yang berkaitan dengan  kegiatan pemeliharaan dan perawatan arsip','Y'),(149,13,'KA2.1.1','PENGELOLAAN ARSIP AKTIF','Arsip yang berkaitan dengan kegiatan pengelolaan arsip aktif meliputi pemberkasan arsip aktif, pelaporan arsip aktif sampai dengan penyusunan daftar berkas dan daftar isi berkas, seperti:\r\na. daftar arsip aktif (daftar berkas dan daftar isi berkas); dan\r\nb. laporan pengelolaan arsip aktif.','Y'),(150,13,'KA2.1.2','PENGELOLAAN ARSIP INAKTIF','Arsip yang berkaitan dengan kegiatan pengelolaan arsip inaktif meliputi penataan arsip inaktif sampai dengan penyusunan Daftar Arsip Inaktif, seperti:\r\na. daftar arsip inaktif; dan\r\nb. denah penyimpanan arsip.','Y'),(151,13,'KA2.1.3','PENGELOLAAN ARSIP VITAL','Arsip yang berkaitan dengan kegiatan pengelolaan arsip vital mulai dari identifikasi arsip vital sampai dengan penyusunan\r\ndaftar arsip vital, seperti:\r\na. formulir identifikasi arsip vital; dan\r\nb. daftar arsip vital.','Y'),(152,13,'KA2.1.4','PENGELOLAAN ARSIP TERJAGA','Arsip yang berkaitan dengan kegiatan pengelolaan arsip terjaga mulai dari identifikasi arsip terjaga sampai dengan penyusunan daftar arsip terjaga, seperti: \r\na. formulir identifikasi arsip terjaga;\r\nb. daftar arsip terjaga;\r\nc. penyampaian laporan arsip terjaga; dan\r\nd. penyampaian salinan arsip terjaga.','Y'),(153,13,'KA2.1.5','PERAWATAN ARSIP','Arsip yang berkaitan dengan kegiatan perawatan arsip, seperti:\r\na. permintaan  fumigasi/laminasi/enkapsulasi; dan\r\nb. laporan kegiatan fumigasi/laminasi/enkapsulasi.','Y'),(154,13,'KA2.1.6','PENYELAMATAN DAN PEMULIHAN ARSIP','Arsip yang berkaitan dengan kegiatan penyelamatan dan pemulihan arsip seperti:\r\na. permintaan pemulihan arsip;\r\nb. laporan kerusakan arsip; dan\r\nc. laporan pemulihan arsip.','Y'),(155,13,'KA2.2','PENYUSUTAN ARSIP','Arsip yang berkaitan dengan kegiatan penyusutan arsip di Lingkungan Mahkamah Agung dan Badan Peradilan yang Berada di Bawahnya meliputi pemindahan, pemusnahan dan penyerahan arsip.','Y'),(156,13,'KA2.2.1','PEMINDAHAN ARSIP INAKTIF','Arsip yang berkaitan dengan kegiatan pemindahan arsip inaktif, seperti:\r\na. surat usulan pemindahan arsip;\r\nb. surat tugas verifikasi daftar usul pindah; dan\r\nc. berita acara pemindahan arsip.','Y'),(157,13,'KA2.2.2','PEMUSNAHAN ARSIP','Arsip yang berkaitan dengan kegiatan pemusnahan arsip, seperti:\r\na. surat usulan pemusnahan arsip;\r\nb. surat penilaian arsip musnah;\r\nc. Keputusan KMA pemusnahan arsip; dan\r\nd. berita acara pemusnahan arsip.','Y'),(158,13,'KA2.2.3','PENYERAHAN ARSIP','Arsip yang berkaitan dengan kegiatan penyerahan arsip, seperti:\r\na. surat usulan penyerahan arsip;\r\nb. surat permintaan autentikasi arsip;\r\nc. Keputusan KMA penyerahan arsip; dan\r\nd. berita acara penyerahan arsip.','Y'),(159,13,'KA2.3','PENGAWASAN KEARSIPAN','Arsip yang berkaitan dengan kegiatan pengawasan kearsipan, seperti:\r\na. surat tugas pengawasan kearsipan;\r\nb. Laporan Audit Kearsipan Internal (LAKI);\r\nc. Laporan Audit Kearsipan Eksternal (LAKE); dan\r\nd. laporan monitoring tindak lanjut.','Y'),(160,14,'KP','KEPEGAWAIAN','','Y'),(161,14,'KP1','PENGADAAN SDM','Arsip yang berkaitan dengan kegiatan Mahkamah Agung dalam pengadaan SDM meliputi perencanaan kebutuhan, proses rekrutmen dan pengangkatan SDM.','Y'),(162,14,'KP1.1','PERENCANAAN DAN SELEKSI','','Y'),(163,14,'KP1.1.1','HAKIM AGUNG','','Y'),(164,14,'KP1.1.2','HAKIM','','Y'),(165,14,'KP1.1.3','HAKIM AD HOC','','Y'),(166,14,'KP1.1.4','PEJABAT PIMPINAN TINGGI MADYA','','Y'),(167,14,'KP1.1.5','PEJABAT PIMPINAN TINGGI PRATAMA','','Y'),(168,14,'KP1.1.6','PNS','','Y'),(169,14,'KP1.1.7','PPPK','','Y'),(170,14,'KP1.1.8','TENAGA AHLI DAN LAIN-LAIN','','Y'),(171,14,'KP1.2','PENGANGKATAN','','Y'),(172,14,'KP1.2.1','HAKIM AGUNG','','Y'),(173,14,'KP1.2.2','HAKIM','','Y'),(174,14,'KP1.2.3','HAKIM AD HOC','','Y'),(175,14,'KP1.2.4','PEJABAT PIMPINAN TINGGI MADYA','','Y'),(176,14,'KP1.2.5','PEJABAT PIMPINAN TINGGI PRATAMA','','Y'),(177,14,'KP1.2.6','PNS','','Y'),(178,14,'KP1.2.7','PPPK','','Y'),(179,14,'KP1.2.8','TENAGA AHLI DAN LAIN-LAIN','','Y'),(180,14,'KP1.2.9','PEGAWAI PINDAH INSTANSI MASUK/KELUAR MAHKAMAH AGUNG/PENGISIAN JABATAN','Arsip yang berkaitan dengan proses pengajuan pindah ASN dari instansi lain ke Lingkungan Mahkamah Agung dan Badan Peradilan Yang Berada di Bawahnya atau sebaliknya, seperti:\r\na. usulan pengajuan pindah yang bersangkutan: \r\nb. korespondensi antara Unit Pengelola Kepegawaian dengan instansi terkait dan/ atau yang bersangkutan,\r\nc. risalah wawancara dan hasil seleksi kompetensi:\r\nd. surat persetujuan / penolakan terkait permohonan yang bersangkutan: \r\ne. dokumen kertas kerja dan hasil cleareance,\r\nf. surat permohonan melengkapi berkas apabila permohonan disetujui:\r\ng. dokumen Open Bidding (Seleksi Terbuka Jabatan):\r\nh. berkas-berkas (clearance test, surat bebas kumdis, bebas TB, bebas Ikatan Dinas) kepegawaian yang diperlukan untuk diajukan ke BKN/Instansi Terkait:\r\ni. persetujuan teknis pindah instansi,dan\r\nj. surat keputusan pengangkatan/pemberhentian/mutasi','Y'),(181,14,'KP2','KEPANGKATAN','Arsip yang berkaitan dengan pangkat/golongan','Y'),(182,14,'KP2.1','PANGKAT/GOLONGAN','','Y'),(183,14,'KP2.1.1','KENAIKAN PANGKAT/GOLONGAN','','Y'),(184,14,'KP2.1.2','KENAIKAN GAJI BERKALA','','Y'),(185,14,'KP2.1.3','PENYESUAIAN MASA KERJA','','Y'),(186,14,'KP3','PENGELOLAAN KOMPETENSI DAN MANAJEMEN KINERJA PEGAWAI','Arsip yang berkaitan dengan pengelolaan kompetensi dan manajemen kinerja pegawai Mahkamah Agung.','Y'),(187,14,'KP3.1','STANDAR KOMPETENSI JABATAN','','Y'),(188,14,'KP3.1.1','STANDAR KOMPETENSI TEKNIS JABATAN','Arsip yang berkaitan dengan kegiatan penyusunan Standar Kompetensi Jabatan (SKJ) di Lingkungan Mahkamah Agung dan Badan Peradilan Yang Berada di Bawahnya.','Y'),(189,14,'KP3.1.2','ASESMEN SUMBER DAYA MANUSIA','Arsip yang berkaitan dengan kegiatan asesmen sumber daya manusia di Lingkungan Mahkamah Agung dan Badan Peradilan Yang Berada di Bawahnya.','Y'),(190,14,'KP3.1.3','PROFILING PEGAWAI','','Y'),(191,14,'KP3.2','UJIAN KENAIKAN PANGKAT/IJAZAH','','Y'),(192,14,'KP3.2.1','UJIAN PENYESUAIAN IJAZAH','','Y'),(193,14,'KP3.2.2','UJIAN DINAS','','Y'),(194,14,'KP3.2.3','UJIAN KOMPETENSI','','Y'),(195,14,'KP3.3','TUGAS BELAJAR/IZIN BELAJAR','','Y'),(196,14,'KP3.3.1','TUGAS BELAJAR','','Y'),(197,14,'KP3.3.2','IZIN BELAJAR','','Y'),(198,14,'KP3.4','MANAJEMEN KINERJA PEGAWAI','Arsip yang berkaitan dengan manajemen kinerja pegawai di Lingkungan Mahkamah Agung dan Badan Peradilan Yang Berada di Bawahnya meliputi perencanaan dan pelaksanaan kinerja, pembinaan kinerja, evaluasi kinerja, pengelolaan kinerja jabatan pelaksana, dan pemetaan pegawai.','Y'),(199,14,'KP3.4.1','PERENCANAAN DAN PELAKSANAAN KINERJA PEGAWAI','Arsip yang berkaitan dengan kegiatan perencanaan dan pelaksanaan kinerja pegawai di Lingkungan Mahkamah Agung dan Badan Peradilan Yang Berada di Bawahnya, seperti:\r\na. dokumen penyusunan Indikator Kinerja Utama (IKU) dan/atau Indikator Kinerja Individu (IKI) pegawai,\r\nb. dokumen perencanaan kinerja, seperti Kontrak Kinerja (KK) dan Sasaran Kinerja Pegawai (SKP) pegawai di Lingkungan Mahkamah Agung dan Badan Peradilan Yang Berada di Bawahnya,\r\nc. monitoring dan evaluasi rencana aksi pegawai,\r\nd. dokumen pelaksanaan Dialog Kinerja Individu (DKI) pegawai, dan\r\ne. dokumwn perilaku kinerja.','Y'),(200,14,'KP3.4.2','PEMBINAAN KINERJA PEGAWAI','Arsip yang berkaitan dengan pembinaan kinerja pegawai seperti konseling kinerja, bimbingan kinerja, training kinerja, coaching kinerja dan mentoring kinerja pegawai di Lingkungan Mahkamah Agung dan Badan Peradilan Yang Berada di Bawahnya.','Y'),(201,14,'KP3.4.3','EVALUASI KINERJA PEGAWAI','Arsip yang berkaitan dengan kegiatan evaluasi kinerja pegawai di Lingkungan Mahkamah Agung dan Badan Peradilan Yang Berada di Bawahnya, Seperti:\r\na. nilai sasaran kerja pegawai(NSKP)\r\nb. dokumen penilaian prestasi kinerja\r\nc. penetapan Nilai Kinerja Pegawai berdasarkan Kualitas Kontrak Kinerja (NKP K3)\r\nd. nilai kinerja pegawai (NKP)\r\ne. dokumen evaluasi kinerja/DP3/PPKPNS/NKPNS,dan\r\nf. dokumen penilaian perilaku kinerja.','Y'),(202,14,'KP3.4.4','PENILAIAN KINERJA JABATAN FUNGSIONAL','Arsip yang berkaitan dengan kegiatan penilaian jabatan fungsional di Lingkungan Mahkamah Agung dan Badan Peradilan Yang Berada di Bawahnya, seperti:\r\na. dokumen usulan/peminatan penetapan angka kredit jabatan fungsional\r\nb. dokumen pelaksanaan penilaian angka kredit jabatan fungsional, dan\r\nc. penetapan angka kredit jabatan fungsional.','Y'),(203,14,'KP3.4.5','PENETAPAN JABATAN DAN PERINGKAT PEGAWAI','Arsip yang berkaitan dengan proses dan penetapan pelaksana dalam jabatan dan peringkat di Lingkungan Mahkamah Agung dan Badan Peradilan Yang Berada di Bawahnya, seperti:\r\na. usulan evaluasi pelaksana dalam jabatan dan peringkat\r\nb. surat keputusan penetapan pertama grading\r\nc. daftar rekap Nilai Kinerja Pegawai (NKP)\r\nd. formulir survei kemampuan kerja pelaksana\r\ne. undangan rapat sidang penilaian grading\r\nf. daftar hadir sidang penilaian grading\r\ng. berita acara sidang penilaian grading\r\nh. surat rekomendasi evaluasi grading\r\ni. penghitungan nilai evaluasi pelaksana\r\nj. form simulasi sidang pelaksana, dan\r\nk. penetapan grading pelaksana tetap/naik/turun/penetapan kembali.','Y'),(204,14,'KP3.4.6','PEMETAAN PEGAWAI','Arsip yang berkaitan dengan kegiatan pemetaan pegawai.','Y'),(205,14,'KP4','MANAJEMEN KARIER','Arsip yang berkaitan dengan manajemen karier di Lingkungan Mahkamah Agung dan Badan Peradilan Yang Berada di Bawahnya.','Y'),(206,14,'KP4.1','PENGEMBANGAN KARIER','Arsip yang berkaitan dengan kegiatan Mahkamah Agung dalam pengembangan karier pegawai meliputi manajemen talenta, mutasi dan promosi, tim penilai kinerja, kenaikan pangkat, penghargaan dan tanda jasa.','Y'),(207,14,'KP4.1.1','PENGEMBANGAN KARIER PEGAWAI','Arsip yang berkaitan dengan rencana, pelaksanaan, pemantauan, dan evaluasi pengembangan karier dalam manajemen karier di Lingkungan Mahkamah Agung dan Badan Peradilan Yang Berada di Bawahnya, seperti:\r\na. dokumen rencana pengembangan karier;\r\nb. dokumen rencana pengembangan karier individu; dan\r\nc. dokumen pemantauan dan evaluasi pengembangan karier.','Y'),(208,14,'KP4.1.2','MANAJEMEN TALENTA','Arsip yang berkaitan dengan analisis kebutuhan, identifikasi, pengembangan, retensi, dan evaluasi talent dalam rangka pola karir di Lingkungan Mahkamah Agung dan Badan Peradilan Yang Berada di Bawahnya, seperti:\r\na. dokumen kertas kerja dan hasil cleareance;\r\nb. shortlist talent eselon II/III/IV/fungsional umum dari hasil pemeringkatan;\r\nc. surat konfirmasi calon talent dan jabatan target ke unit eselon I/II;\r\nd. data pemetaan pejabat eselon III di Lingkungan Mahkamah Agung dan Badan Peradilan Yang Berada di Bawahnya;\r\ne. data pemetaan eselon IV dan pelaksana pada unit kerja;\r\nf. berita acara forum pimpinan pusat/unit kerja;\r\ng. daftar hadir forum rapat pimpinan;\r\nh. undangan anggota forum rapat pimpinan;\r\ni. laporan hasil evaluasi talent pusat/unit kerja;\r\nj. formulir penilaian;\r\nk. laporan evaluasi talent dalam program pengembangan;\r\nl. makalah talent; dan\r\nm. surat keputusan penetapan talent.','Y'),(209,14,'KP4.1.3','MUTASI, PROMOSI DAN DEMOSI','Arsip yang berkaitan dengan pelaksanaan promosi  dan mutasi pegawai di Lingkungan  Mahkamah Agung dan Badan Peradilan Yang Berada di Bawahnya, seperti:\r\na. dokumen kertas kerja dan hasil cleareance;\r\nb. Surat Keputusan dan berkas mengenai pengangkatan dalam jabatan, penyesuaian dalam tingkatan dan/ atau jenjang, pembebasan \r\n   sementara, pengangkatan kembali pemberhentian, pengkuhan perpanjangan dan mutasi dalam jabatan pimpinan tinggi, jabatan\r\n   administrasi, jabatan fungsional, dan jabatan non eselon di Lingkungan Mahkamah Agung dan Badan Peradilan Yang Berada di\r\n   Bawahnya;\r\nc. Surat Keputusan dan berkas mengenai pengturan status PNS di Lingkungan Mahkamah Agung dan Badan Peradilan Yang Berada di\r\n   Bawahnya yang ditugaskan pada instansi lain terdiri atas pengaturan status pegawai ditugaskan di instansi, perpanjangan\r\n   masa tugas pegawai ditugaskan di instansi lain, pengakhiran status pegawai ditugaskan di instansi lain; dan\r\nd. berkas berkaitan Surat Pernyataan Pelantikan, Surat Pernyataan Menduduki Jabatan, Berita Acara Pelantikan dan berkas \r\n   lainnya dalam jabatan pimpinan tinggi, jabatan administrasi, jabatan fungsional, jabatan non eselon.','Y'),(210,14,'KP4.1.4','TIM PENILAI KINERJA JABATAN','Arsip yang berkaitan dengan persiapan, pelaksanaan, laporan sidang Tim Penilai Kinerja di Lingkungan Mahkamah Agung dan Badan Peradilan Yang Berada di Bawahnya.','Y'),(211,14,'KP4.1.5','PEMBERHENTIAN JABATAN','','Y'),(212,14,'KP5','KESEJAHTERAAN PEGAWAI','Arsip yang berkaitan dengan kesejahteraan pegawai di Lingkungan Mahkamah Agung dan Badan Peradilan yang Berada di Bawahnya.','Y'),(213,14,'KP5.1','MUTASI KELUARGA','Arsip yang berkaitan dengan kegiatan pengelolaan data keluarga meliputi laporan perkawinan/perceraian dan laporan kelahiran/kematian keluarga.','Y'),(214,14,'KP5.2','LAYANAN KESEHATAN','Arsip yang berkaitan dengan kegiatan Surat Keterangan Sehat, Surat Keterangan Sakit, donor darah,medical checkup, perawatan gigi, pelayanan kesehatan, kartu berobat dan catatan medis.','Y'),(215,14,'KP5.3','CUTI DAN IZIN BEPERGIAN KE LUAR NEGERI DILUAR KEDINASAN','Arsip yang berkaitan dengan cuti pegawai dan izin bepergian ke luar negeri, nota persetujuan, permohonan pengaktifan dan penetapan kembali setelah cuti diluar tanggungan negara.','Y'),(216,14,'KP5.4','KEGIATAN SOSIAL','Arsip yang berkaitan dengan pelayanan sosial dan kesejahteraan pegawai terkait rekreasi, olahraga,bantuan sosial, dan asuransi pegawai.','Y'),(217,14,'KP5.5','PERUMAHAN','Arsip yang berkaitan dengan perumahan pegawai, pejabat struktural/fungsional, pimpinan dan Hakim Agung.','Y'),(218,14,'KP5.6','KOPERASI','Arsip yang berkaitan dengan organisasi koperasi termasuk perencanaan, pengelolaan, laporan dan evaluasi.','Y'),(219,14,'KP5.7','TRANSPORTASI ANTAR JEMPUT','Arsip yang berkaitan dengan pengelolaan transportasi menuju unit kerja.','Y'),(220,14,'KP5.8','PENGHARGAAN DAN TANDA JASA','Arsip Yang Berkaitan Dengan Penghargaan Dan Tanda Jasa Di Lingkungan Mahkamah Agung Dan Badan Peradilan yang Berada Dibawahnya, seperti:\r\na. keputusan presiden tentang penghargaan/tanda jasa;\r\nb. KEPUTUSAN penetapan penerimaan penghargaan;\r\nc. tanda bukti penerimaan penghargaan;\r\nd. penetapan kenaikan pangkat luar biasa.\r\ne. pemberitahuan pada unit eselon I; dan\r\nf. pengusulan dari unit kerja;','Y'),(221,14,'KP6','PEMBERHENTIAN PEGAWAI','Arsip yang berkaitan dengan pemberhentian pegawai Mahkamah Agung dan Badan Peradilan yang Berada Di Bawahnya, pemberhentian atas permintaan sendiri, mencapai batas usia pensiun, meninggal dunia, meninggal dunia karena tugas, perampingan organisasi/ kebijakan pemerintah, tidak cakap jasmani dan/atau rohani, serta hilang/tewas.','Y'),(222,14,'KP6.1','PEMBERHENTIAN PEGAWAI DENGAN HAK PENSIUN','Arsip yang berkaitan dengan pemberhentian pegawai Mahkamah Agung dan Badan Peradilan yang Berada Di Bawahnya dengan hak pensiun, seperti:\r\na. untuk pemberhentian karena pemberhentian atas permintaan sendiri;\r\nb. pemberhentian karena mencapai batas usia pensiun;\r\nc. pemberhentian karena meninggal dunia;\r\nd. pemberhentian karena meninggal dunia dalam tugas;\r\ne. pemberhentian karena perampingan organisasi/kebijakan pemerintah; dan\r\nf. pemberhentian karena tidak cakap jasmani dan/atau rohani.','Y'),(223,14,'KP6.2','PEMBERHENTIAN PEGAWAI TANPA HAK PENSIUN','Arsip yang berkaitan dengan pemberhentian pegawai di Lingkungan Mahkamah Agung dan Badan Peradilan yang Berada Di Bawahnya dengan hak pensiun, seperti:\r\na. usulan pemberhentian pegawai tanpa hak pensiun;\r\nb. keputusan pemberhentian pegawai tanpa hak pensiun;','Y'),(224,14,'KP6.3','TEWAS, HILANG/MENINGGAL DALAM TUGAS','Arsip yang berkaitan dengan berkas proses pemberhentian pegawai karena meninggal dunia, tewas, atau hilang dalam tugas, seperti:\r\na. usulan verifikasi dan validasi memenuhi kriteria tewas beserta dokumen kelengkapannya;\r\nb. surat memenuhi kriteria tewas yang ditetapkan BKN;\r\nc. surat keputusan penetapan tawas atau hilang dalam tugas;\r\nd. keputusan pemberhentian pegawai karena tewan; dan\r\ne. anumerta.','Y'),(225,14,'KP6.4','PEMBINAAN MENTAL, AGAMA DAN KONSELING','Arsip yang berkaitan dengan pembinaan komunitas dan kegiatan keagamaan, serta pengoordinasian program kegiatan kerohaniawanan di Lingkungan Mahkamah Agung dan Badan Peradilan yang Berada Di Bawahnya, seperti:\r\na. surat tugas rohaniawan;\r\nb. surat keputusan kegiatan keagamaan;\r\nc. berkas kegiatan keagamaan lainnya;dan\r\nd. laporan kegiatan pembinaan mental, agama dan konseling.','Y'),(226,14,'KP7','ADMINISTRASI SUMBER DAYA MANUSIA','Arsip yang berkaitan dengan kegiatan Mahkamah Agung dalam administrai pegawai meliputi perjalanan dinas dan identitas pegawai','Y'),(227,14,'KP7.1','PELAKSANAAN TUGAS DALAM JABATAN','Arsip yang berkaitan dengan kegiatan pelaksanaan tugas dalam jabatan di Lingkungan Mahkamah Agung dan Badan Peradilan Yang Berada di Bawahnya. seperti:\r\na. surat tugas;\r\nb. berkas layanan Izin Luar negeri dan rekomendasi visa/ exit petmit;\r\nc. berkas pengurusan perjalanan dinas dalam negeri;dan\r\nd. laporan pelaksanaan tugas.','Y'),(228,14,'KP7.2','DOKUMENTASI IDENTITAS PEGAWAI','Arsip yang berkaitan dengan dokumentasi identitas pegawai Mahkamah Agung, seperti:\r\na. usulan pembuatan identitas pegawai dari unit kerja;\r\nb. usulan pembuatan identitas pegawai kepada BKN;\r\nc. dokumen usul penetapan kartu pegawai, kartu pegawai elektronik/kartu identitas istri/ kartu identitas suami;dokumen\r\n   keanggotaan organisasi profesi/kedinasan;dan\r\nd. dokumen Keterangan Penerimaan Pembayaran\r\ne. penghasilan pegawai (KP4)','Y'),(229,14,'KP7.3','LAPORAN PAJAK-PAJAK PRIBADI (LP2P) DAN LAPORAN HARTA KEKAYAAN (LHK)','Arsip yang berkaitan dengan pelaporan perpajakan dan harta kekayaan pegawai Mahkamah Agung seperti;\r\na. surat kuasa dan surat pernyataan LP2P dan LHK;\r\nb. dokumen LP2P dan LHK;dan\r\nc. data dan laporan harta kekayaan pegawai.','Y'),(230,14,'KP7.4','SURAT PENUNJUKAN PELAKSANA TUGAS (Plt.) DAN PELAKSANA HARIAN (Plh.)','Arsip yang berkaitan dengan penunjukan Plt.(Pelaksana Tugas) dan/ atau Plh. (Pelaksana Harian) di Lingkungan Mahkamah\r\nAgung dan Badan Peradilan Yang Berada di Bawahnya.','Y'),(231,14,'KP7.5','IZIN PERKAWINAN/PERCERAIAN PEGAWAI','Arsip yang berkaitan dengan pemberian atau penolakan pemberian Izin beristri lebih dari satu orang /penceraian pegawai di \r\nLingkungan Mahkamah Agung dan Badan Peradilan Yang Berada di Bawahnya.','Y'),(232,14,'KP8','KODE ETIK DAN DISIPLIN','Arsip yang berkaitan dengan kode etik, disiplin hakim/pegawai dan sanksi/hukuman disiplin hakim/pegawai di Lingkungan\r\nMahkamah Agung dan Badan Peradilan yang Berada Di Bawahnya.','Y'),(233,14,'KP8.1','KODE ETIK DAN PERILAKU','Arsip yang berkaitan dengan penegakan dan peningkatan penerapan kode etik, kode perilaku, tata tertib, daftar hadir\r\npegawai serta catatan pelanggaran pegawai di Lingkungan Mahkamah Agung dan Badan Peradilan yang Berada di Bawahnya, seperti;\r\na. dokumen temuan/pengaduan dugaan pelanggaran kode etik;\r\nb. laporan pelanggaran kode etik;\r\nc. laporan hasil penelitian atasan langsung atas dugaan pelanggaran kode etik;\r\nd. berita acara dialog penguatan kode etik;\r\ne. surat pernyataan/keputusan (majelis) tidak bersalah;\r\nf. laporan hasil sidang majelis kode etik;dan\r\ng. keputusan pengenaan sanksi kode etik.','Y'),(234,14,'KP8.2','SANKSI/HUKUMAN DISIPLIN PEGAWAI','Arsip yang berkaitan dengan proses pemberian sanksi/hukuman yang diberikan kepada pegawai yang melanggar peraturan atau\r\ntidak mematuhi tata tertib pegawai, seperti;\r\na. teguran tertulis;\r\nb. pernyataan tidak puas tertulis;\r\nc. penundaan kenaikan gaji berkala;\r\nd. penurunan gaji;\r\ne. penundaan kenaikan pangkat;\r\nf. penurunan pangkat;\r\ng. surat pemberitahuan;\r\nh. surat pemanggilan;\r\ni. laporan hasil pemeriksaan Badan Pengawasan;\r\nj. Laporan Hasil Audit Investigasi Direktorat Jenderal;\r\nk. berita acara pemeriksaan;\r\nl. pembentukan tim pemeriksa;\r\nm. surat kewenangan penjatuhan hukuman disiplin;\r\nn. surat keputusan penjatuhan hukuman disiplin;\r\no. laporan hasil pemeriksaan atasan langsung/tim pemeriksa;\r\np. laporan/daftar kehadiran pegawai;dan\r\nq. laporan pelanggaran Hukuman Disiplin pegawai.','Y'),(235,14,'KP8.3','PENYELESAIAN KEBERATAN/BANDING','Arsip yang berkaitan dengan proses penyelesaian keberatan/banding administratif terkait dengan hukuman disiplin, seperti;\r\na. surat keberatan/banding administratif;dan\r\nb. surat keputusan perubahan/penetapan hukuman disiplin.','Y'),(236,14,'KP8.4','PEMBERHENTIAN BERDASARKAN PERMASALAHAN KEPEGAWAIAN LAINNYA','Arsip yang berkaitan dengan proses pemberian pemberhentian karena permasalahan kepegawaian lainnya seperti tidak lapor\r\nsetelah selesai menjalankan Cuti di Luar Tanggungan Negara(CLTN), menjadi anggota partai politik, tidak lapor setelah\r\nmenyelesaikan tugas belajar,pemberhentian sementara karena menjadi tersangka dan ditahan,pemberhentian karena melakukan\r\ntindak pidana/penyelewengan, pemberhentian sebagai CPNS, pemberhentian karena pemalsuan administrasi kepegawaian dan \r\npermasalahan kepegawaian lainnya,seperti:\r\na. surat penahanan;\r\nb. surat keterangan bebas;dan\r\nc. surat panggilan-berita acara pemeriksaan laporan hasil pemeriksaan.','Y'),(237,15,'PL','PERLENGKAPAN','','Y'),(238,15,'PL1','PENGADAAN BARANG/JASA, PENGELOLAAN DAN PENATAUSAHAAN BARANG MILIK NEGARA','','Y'),(239,15,'PL1.1','PENGADAAN BARANG/JASA','','Y'),(240,15,'PL1.1.1','PENGADAAN BARANG PERSEDIAAN','Arsip yang berkaitan dengan kegiatan pengadaan barang di Lingkungan Mahkamah Agung dan Badan Peradilan yang Berada di Bawahnya, seperti:\r\na. nota dinas permintaan barang persediaan, spesifikasi teknis barang dan HPS;\r\nb. berkas pengadaan;\r\nc. surat perintah kerja/surat pesanan;\r\nd. berita acara serah terima (BAST);\r\ne. kuitansi;\r\nf.  berita acara penyelesaian pekerjaan (BAPP); dan\r\ng. berita acara pemeriksaan administrasi (BAPA).','Y'),(241,15,'PL1.1.2','PENGADAAN BARANG INVENTARIS','Arsip yang berkaitan dengan kegiatan pengadaan barang di Lingkungan Mahkamah Agung dan Badang Peradilan yang Berada di Bawahnya, seperti;\r\na. korespodensi pengadaan barang inventaris;\r\nb. dokumen pengadaan/pemilihan;\r\nc. dokumen penawaran penyedia;\r\nd. dokumen evaluasi;\r\ne. dokumen klarisifikasi dan/atau negosiasi;\r\nf. surat perintah kerja/surat pesanan/kuitansi/kontrak;\r\ng. BAST;\r\nh. BAPP; dan\r\ni. BAPA.','Y'),(242,15,'PL1.1.3','PENGADAAN BARANG','Arsip yang berkaitan dengan kegiatan pengadaan barang di Lingkungan Mahkamah Agung dan Badan Peradilan yang Berada di Bawahnya.','Y'),(243,15,'PL1.1.4','PENGADAAN JASA','Arsip yang berkaitan dengan kegiatan pengadaan barang di Lingkungan Mahkamah Agung dan Badan Peradilan yang Berada di Bawahnya.','Y'),(244,15,'PL1.1.5','PENGADAAN JASA KONSULTASI','Arsip yang berkaitan dengan kegiatan pengadaan jasa konsultansi di Lingkungan Mahkamah Agung dan Badan Peradilan yang Berada di Bawahnya, seperti:\r\na. nota dinas permintaan jasa konsultasi;\r\nb. berkas pengadaan;\r\nc. surat perintah kerja/surat pesanan;\r\nd. BAST;\r\ne. kuitansi; dan;\r\nf. BAPP.','Y'),(245,15,'PL1.1.6','PENGADAAN JASA LAINNYA','Arsip yang berkaitan dengan kegiatan pengadaan jasa lainnya di Lingkungan Mahkamah Agung dan Badan Peradilan yang Berada di Bawahnya, seperti;\r\na. nota dinas permintaan jasa lainnya;\r\nb. berkas pengadaan;\r\nc. surat perintah kerja/surat pesanan;\r\nd. BAST;\r\ne. kuitansi; dan\r\nf. BAPP.','Y'),(246,15,'PL1.1.7','PENGADAAN JASA KONSTRUKSI','','Y'),(247,15,'PL1.2','PENGELOLAAN DAN PENATAUSAHAAN BARANG MILIK NEGARA','','Y'),(248,15,'PL1.2.1','PERENCANAAN BARANG MILIK NEGARA','Arsip yang berkaitan dengan kegiatan perencanaan BMN, seperti:\r\na. rencana kebutuhan BMN (RKBMN), rencana kebutuhan BMN Pengadaan Kuasa Pengguna (RKBMN-PKP) dan rencana penggunaan, pemanfaatan, pemindahtanganan dan penghapusan (RP4) Tingkat Kuasa Pengguna Barang;\r\nb. RKBMN, rencana kebutuhan BMN-PKP dan RP4 Tingkat Pembantu Pengguna Barang Eselon I;\r\nc. RKBMN dan RP4 Tingkat Pengguna Barang; dan\r\nd. revisi RKBMN, RKBMN-PKP dan RP4.','Y'),(249,15,'PL1.2.2','STANDAR BARANG DAN STANDAR KEBUTUHAN BMN','Arsip yang berkaitan dengan SBSK dari unit Kerja/Unit Organisasi seperti:\r\na. surat pengantar form SBSK dari Unit Kerja/Unit Organisasi;\r\nb. form isian penghitungan SBSK BMN Tanah dan Bangunan dari Unit Kerja/Unit Organisasi; dan\r\nc. form isian pendataan SBSK BMN Kendaraan Bermotor dari Unit Kerja/Unit Organisasi.','Y'),(250,15,'PL1.2.3','PENGHAPUSAN DAN PEMUSNAHAN BMN','','Y'),(251,15,'PL1.2.4','HIBAH','','Y'),(252,15,'PL1.2.5','PENCATATAN BMN','','Y'),(253,15,'PL1.2.6','REVALUASI DAN REKONSILIASI BMN','','Y'),(254,15,'PL1.2.7','PELAPORAN BMN','','Y'),(255,16,'PS','PERPUSTAKAAN','','Y'),(256,16,'PS1','PENGELOLAAN DAN PENGEMBANGAN KOLEKSI PUSTAKA','Arsip yang berkaitan dengan kegiatan pengembangan koleksi dan bahan pustaka di Lingkungan Mahkamah Agung dan Badan Peradilan di Bawahnya.','Y'),(257,16,'PS1.1','AKUISISI KOLEKSI/BAHAN PUSTAKA','Arsip yang berkaitan dengan akuisisi koleksi/bahan pustaka di Lingkungan Mahkamah Agung dan Badan Peradilan di Bawahnya.','Y'),(258,16,'PS1.2','HIBAH KOLEKSI/BAHAN PUSTAKA','Arsip yang berkaitan dengan kegiatan hibah koleksi bahan pustaka Mahkamah Agung, baik milik perpustakaan maupun\r\nhibah pegawai, seperti:\r\na. formulir tanda terima koleksi hibah; dan\r\nb. laporan pelaksanaan hibah.','Y'),(259,16,'PS1.3','LAYANAN KEPUSTAKAAN','Arsip yang berkaitan dengan penyediaan, pengumpulan, dan penataan bahan-bahan kepustakaan','Y'),(260,16,'PS1.4','KEANGGOTAAN PERPUSTAKAAN','Arsip yang berkaitan dengan keanggotaan perpustakaan seperti formulir keanggotaan dan tata anggota perpustakaan di\r\nLingkungan Mahkamah Agung dan Badan Peradilan Di Bawahnya.','Y'),(261,16,'PS1.4.1','FORM KEANGGOTAAN PERPUSTAKAAN','Arsip yang berkaitan dengan keanggotaan perpustakaan, seperti formulir anggota perpustakaan','Y'),(262,16,'PS1.4.2','DATA ANGGOTA PERPUSTAKAAN','Arsip yang berkaitan dengan keanggotaan perpustakaan, seperti data anggota perpustakaan.','Y'),(263,16,'PS1.5','SIRKULASI KOLEKSI/BAHAN PUSTAKA','Arsip yang berkaitan dengan kegiatan berupa pemberian bantuan kepada pengguna perpustakaan dalam proses peminjaman dan pengembalian bahan pustaka serta permintaan informasi lainnya baik di loket maupun online (via\r\ntelepon/email/web/ social media), seperti :\r\na. lembar pengunjung;\r\nb. data sirkulasi peminjaman/pengembalian bahan daftar jawab contact us;\r\nc. laporan pelayanan sirkulasi;\r\nd. dokumen monitoring sirkulasi;\r\ne. dokumen penagihan bahan pustaka; dan\r\nf. laporan tindak lanjut hasil penagihan bahan pustaka.','Y'),(264,16,'PS1.6','PRESERVASI KOLEKSI/BAHAN PUSTAKA','Arsip yang berkaitan dengan pelestarian bahan pustaka meliputi pemeliharaan, perbaikan, dan alih media, seperti:\r\na. data koleksi yang dilakukan preservasi;\r\nb. identifikasi dan tekni preservasi bahan pustaka;\r\nc. data kerusakan bahan pustaka;\r\nd. rekapitulasi bahan pustaka yang telah dilakukan preservasi.','Y'),(265,16,'PS1.7','PENGEMBANGAN PERPUSTAKAAN DAN PENGEMBANGAN MINAT BACA','Arsip yang berkaitan dengan kegiatan pengembangan perpustakaann dan pengembangan minat baca, meliputi pengembangan perpustakaan, akreditasi perpustakaan, pemasyarakatan minat, dan organisasi perpustakaan, seperti:\r\na. survei kebutuhan koleksi anggota perpustakaan;\r\nb. promosi minat baca meliputi acara bedah buku, seminar, bazar buku; dan\r\nc. survei dan laporan kegiatan.','Y'),(266,17,'PW','PENGAWASAN','','Y'),(267,17,'PW1','PENGAWASAN/PEMANTAUAN INTERNAL','Arsip yang berkaitan dengan kegiatan pengawasan internal meliputi proses audit, reviu, evaluasi, dan pemantauan baik yang\r\ndilaksanakan oleh auditor maupun unit yang menangani kepatuhan internal.','Y'),(268,17,'PW1.1','PENGAWASAN DENGAN TINDAK LANJUT','Arsip yang berkaitan dengan hasil pengawasan atau pemantauan yang memerlukan tindak lanjut.','Y'),(269,17,'PW1.1.1','PENGAWASAN/PEMANTAUAN YANG MEMERLUKAN TINDAK LANJUT','Arsip yang berkaitan dengan kegiatan pengawasan internal (audit, reviu, evaluasi, dan pemantauan) yang meliputi pengawasan keuangan tindak lanjut, teknologi informasi, dan pengawasan keuangan memerlukan tindak lanjut, seperti:\r\na. kertas kerja pengawasan (KKP);\r\nb. laporan hasil pengawasan (LHP);\r\nc. surat hasil pengawasan;\r\nd. berkas pemeriksaan dan penjatuhan hukuman disiplin;\r\ne. pengumpulan bahan dan alat keterangan;\r\nf. hasil eksaminasi;\r\ng. berkas tindak lanjut;\r\nh. catatan hasil reviu, surat pernyataan telah di reviu;\r\ni. data dan laporan verifikasi dan klarifikasi harta kekayaan pegawai;\r\nj. data dan laporan pengelolaan dan pemantaun kepatuhan pelaporan;\r\nk. dokumen hasil olahan data transaksi keuangan mencurigakan;\r\nl. dokumen/informasi transaksi keuangan mencurigakan dari PPATK;\r\nm. laporan telaah sejawat;\r\nn. laporan saber pungli;\r\no. Survei Penilaian Integritas (SPI);\r\np. Laporan Hasil Pemantauan Pengendalian Utama (LHPPU);\r\nq. laporan hasil pemantauan kode etik; dan\r\nr. laporan tindak lanjut pengaduan.','Y'),(270,17,'PW1.1.2','PENGAWASAN/PEMANTAUAN YANG MENGANDUNG UNSUR PELANGGARAN NON ADMINISTRATIF/FRAUD YANG MEMERLUKAN TIND','Arsip yang berkaitan dengan kegiatan pengawasan internal (audit, reviu, evaluasi, dan pemantauan) yang meliputi pengawasan sumber daya manusia, audit investigatif, pengawasan keuangan tndak lanjut, dan teknologi informasi, seperti:\r\na. kertas kerja pengawasan (KKP);\r\nb. laporan hasil pengawasan (LHP);\r\nc. surat hasil pengawasan;\r\nd. berkas pemeriksaan dan penjatuhan hukuman disiplin;\r\ne. pengumpulan bahan dan alat keterangan;\r\nf. hasil eksaminasi;\r\ng. berkas tindak lanjut;\r\nh. catatan hasil reviu, surat pernyataan telah direviu;\r\ni. data digital;\r\nj. laporan hasil pelaksanaan kegiatan digital forensik;\r\nk. dokumen hasil olahan data transaksi keuangan mencurigakan;\r\nl. dokumen hasil profiling kantor dan pegawai di Lingkungan Mahkamah Agung dan Badan Peradilan yang Berada di Bawahnya;\r\nm. dokumen/informasi transaksi keuangan mencurigakan dari PPATK;\r\nn. laporan kegiatan pencegahan;\r\no. laporan surveillance;\r\np. laporan saber pungli; dan\r\nq. Survei Penilaian Integritas (SPI)','Y'),(271,17,'PW1.2','PENGAWASAN YANG TIDAK MEMERLUKAN TINDAK LANJUT','Arsip yang berkaitan dengan hasil pengawasan atau pemantauan yang tidak memerlukan tindak lanjut.','Y'),(272,17,'PW1.2.1','PENGAWASAN/PEMANTAUAN YANG TIDAK MEMERLUKAN TINDAK LANJUT','Arsip yang berkaitan dengan kegiatan pengawasan internal (audit, reviu, evaluasi, dan pemantauan) yang meliputi pengawasan sumber daya manusia, audit investigatif, pengawasan keuangan tindak lanjut, teknologi informasi, dan pengawasan keuangan tidak tindak lanjut, seperti:\r\na. kertas kerja pengawasan (KKP);\r\nb. laporan hasil pengawasan (LHP);\r\nc. surat hasil pengawasan;\r\nd. berkas pemeriksaan dan penjatuhan hukum disiplin;\r\ne. pengumpulan bahan dan alat keterangan;\r\nf. hasil eksaminasi;\r\ng. berkas tindak lanjut;\r\nh. catatan hasil reviu, surat pernyataan telah direviu;\r\ni. data dan laporan verifikasi dan klarifikasi harta kekayaan pegawai;\r\nj. data dan laporan pengeolaan dan pemantauan kepatuhan pelaporan;\r\nk. dokumen hasil olahan data transaksi keuangan mencurigakan dokumen/informasi transaksi keuangan mencurigakan dari PPATK;\r\nl. laporan saber pungli;\r\nm. Survei Penilaian Integritas (SPI);\r\nn. laporan hasil pemantauan Pengendalian Intern Tinggi Entitas (PIPE);\r\no. laporan efektifitas pemantauan pengendalian internal;\r\np. pernyataan manajeman atas efektifitas pengendalian intern;\r\nq. laporan hasil reviu kepatuhan manajemen risiko;\r\nr. laporan hasil penilaian ZI-WBK/WBBM;\r\ns. Laporan Hasil Penilaian Mandiri Sistem Pengendalian\r\nt. Intern Pemerintahan (SPIP); dan\r\nu. Laporan Hasil Penilaian Pengendalian Intern atas Pelaporan Keuangan (PIPK).','Y'),(273,17,'PW1.2.2','PENGAWASAN/PEMANTAUAN YANG MENGANDUNG UNSUR PELANGGARAN NON ADMINISTRATIF/FRAUD YANG TIDAK MEMERLUKA','Arsip yang berkaitan dengan kegiatan pengawasan internal (audit, reviu, evaluasi, dan pemantauan) yang meliputi pengawasan sumber daya manusia, audit investigatif, teknologi informasi, dan pengawasan keuangan tidak memerlukan tindak lanjut, seperti:\r\na. dokumen hasil olahan data transaksi keuangan mencurigakan;\r\nb. dokumen hasil profiling kantor dan pegawai di Lingkungan Mahkamah Agung dan Badan Peradilan yang Berada di Bawahnya;\r\nc. dokumen/informasi transaksi keuangan mencurigakan dari PPATK;\r\nd. laporan kegiatan pencegahan;\r\ne. laporan surveillance;\r\nf. laporan saber pungli; dan\r\ng. Survei Penilaian Integritas (SPI).','Y'),(274,17,'PW1.3','PENGAWASAN/PEMANTAUAN PEGAWAI','Arsip yang berkaitan dengan pelaksanaa pengawasan/ pemantauan pegawai di Lingkungan Mahkamah Agung dan Badan Peradilan yang Berada di Bawahnya, seperti:\r\na. laporan hasil pengawasan (LHP); dan\r\nb. nota dinas monitoring rekomendasi hukuman disiplin.','Y'),(275,17,'PW1.4','PENGAWASAN EKSTERNAL','Arsip yang berkaitan dengan tindak lanjut temuan hasil pemeriksaan auditor eksternal, seperti:\r\na. laporan hasil pemeriksaan BPK;\r\nb. laporan hasil pemeriksaan KY;\r\nc. laporan ORI;\r\nd. laporan hasil pengawasan BPKP; dan\r\ne. laporan hasil pemantauan tindak lanjut hasil pemeriksaan auditor eksternal.','Y'),(276,18,'RT','RUMAH TANGGA','','Y'),(277,18,'RT1','PENGGUNAAN GEDUNG DAN FASILITAS KANTOR','Arsip yang berkaitan dengan penggunaan bangunan gedung dan lingkungan, fasilitas kantor, peralatan operasional (seperti rumah dinas, kendaraan dinas, perlengkapan kerja, peralatan kesehatan) dan mekanikal elektrikal di Lingkungan Mahkamah Agung dan Badan Peradilan yang Berada di Bawahnya, seperti:\r\na. permintaan izin penggunaan;\r\nb. permintaan izin pengosongan; dan\r\nc. permintaan izin peminjaman.','Y'),(278,18,'RT1.1','PEMELIHARAAN GEDUNG DAN FASILITAS KANTOR','Arsip yang berkaitan dengan kegiatan pemeliharaan bangunan gedung dan lingkungan, fasilitas kantor, peralatan operasional (seperti kendaraan dinas, perlengkapan kerja, peralatan kesehatan) dan mekanikal elektrikal di Lingkungan Mahkamah Agung dan Badan Peradilan yang Berada di Bawahnya.','Y'),(279,18,'RT1.1.1','BANGUNAN GEDUNG DAN LINGKUNGAN','Arsip yang berkaitan dengan administrasi pemeliharaan bangunan gedung, lingkungan, dan fasilitas kantor (gedung kantor dan rumah dinas) meliputi struktural, arsitektural, tata graha, dan halaman, seperti:\r\na. permintaan perbaikan bangunan gedung dan lingkungan;\r\nb. laporan perbaikan bangunan gedung dan lingkungan; dan\r\nc. laporan pemeliharaan bangunan gedung dan lingkungan.','Y'),(280,18,'RT1.1.2','PERALATAN OPERASIONAL','Arsip yang berkaitan dengan administrasi pemeliharaan peralatan operasional, seperti kendaraan dinas, perlengkapan kerja, perlengkapan kesehatan, dan peralatan operasional lainnya, seperti:\r\na. permintaan perbaikan peralatan operasional;\r\nb. laporan perbaikan peralatan operasional; dan\r\nc. laporan pemeliharaan peralatan operasional.','Y'),(281,18,'RT1.1.3','MEKANIKAL ELEKTRIKAL','Arsip yang berkaitan dengan administrasi pemeliharaan mekanikal elektrikal seperti sistem kelistrikan, sistem tata udara, sistem keamanan, sistem telekomunikasi, dan sistem mekanikal elektrikal lainnya, serta manajemen penggunaan energi, seperti:\r\na. permintaan perbaikan mekanikal elektrikal;\r\nb. laporan perbaikan mekanikal elektrikal; dan\r\nc. laporan pemeliharaan mekanikal elektrikal.','Y'),(282,18,'RT1.1.4','KETERTIBAN DAN KEAMANAN','Arsip yang berkaitan dengan kegiatan Mahkamah Agung dalam ketertiban dan keamanan kantor dan rumah dinas terhadap kehilangan, kerusakan kecelakaan, dan bencana, serta penjagaan dan pengawalan penjabat, seperti;\r\na. keputusan KPA terkait pengelolaan pengamanan;\r\nb. daftar nama satuan pengamanan;\r\nc. daftar jag/daftar piket;\r\nd. buku tamu;\r\ne. surat izin keluar masuk orang atau barang;\r\nf. laporan ketertiban dan keamanan;\r\ng. permintaan rekaman closed circuit television (CCTV);\r\nh. supervisi satuan pengamanan; dan\r\ni. sumber daya manusia pengamanan.','Y'),(283,18,'RT1.1.5','PENGELOLAAN PARKIR','Arsip yang berkaitan dengan kegiatan pengelolan parkir di Lingkungan Mahkamah Agung dan Badan Peradilan yang Beradah di Bawahnya seperti:\r\na. permintaan izin kendaraan menginap;\r\nb. rekapitulasi data kendaraan yang menginap; dan\r\nc. laporan pengelolaan parkir.','Y'),(284,18,'RT2','PENGELOLAAN MUSEUM','Arsip Yang Berkaitan Dengan Pengelolan Museum di Lingkungan Mahkamah Agung dan Badan Peradilan yang Beradah di Bawahnya.','Y'),(285,18,'RT2.1','PENDAFTARAN MUSEUM','Arsip yang berkaitan dengan kegiatan pendaftaran museum, seperti:\r\na. dokumen pendaftaran;\r\nb. salinan surat keputusan/ketetapan pendirian museum; \r\nc. profil museum;\r\nd. daftar koleksi yang dimiliki beserta keterangan koleksi;\r\ne. bukti kepemilikan atau penguasaan lokasi dan/atau bangunan; dan\r\nf. nomor pendaftaran nasional.','Y'),(286,18,'RT2.2','PERLINDUNGAN MUSEUM','Arsip yang berkaitan dengan pelindungan penyimanan koleksi, baik kegiatan penyelamatan, pengamanan, maupun pemeliharaan, seperti:\r\na. dokumen hasil observasi koleksi secara berkala;\r\nb. analisis kondisi koleksi; dan\r\nc. rekomendasi penanganan koleksi.','Y'),(287,18,'RT2.3','PENGEMBANGAN DAN PEMANFAATAN MUSEUM','Arsip yang berkaitan dengan pengembangan serta pemantafaatan museum, seperti:\r\na. permohonan izin pengembangan dan pemanfaatan serta dokumen pendukungnya;\r\nb. dokumen rencana pemanfaatan; dan\r\nc. laporan proses kegiatan dan pengembangan.','Y'),(288,19,'TI','TEKNOLOGI INFORMASI','-','Y'),(289,19,'TI1','SISTEM INFORMASI','Arsip yang berkaitan dengan kegiatan perencanaan, pembangunan, pengelolaan, dan pengembangan sistem informasi, termasuk di daalamnya monitoring dan evaluasi. (tidak termasuk dokumen pengadaan)','Y'),(290,19,'TI1.1','APLIKASI','Arsip yang berkaitan dengan kegiatan perencanaan, pembangunan, pengelolaan, dan pengembangan aplikasi umum dan aplikasi khusus.','Y'),(291,19,'TI1.1.1','APLIKASI UMUM','Arsip yang berkaitan dengan kegiatan perencanaan, pembangunan, pengelolaan, dan pengembangan aplikasi umum (aplikasi pegawaian, aplikasi tata naskah dinas, dan sejenisnya), seperti:\r\na. dokumen user requirement;\r\nb. dokumen analisis kebutuhan pengguna; \r\nc. dokumen pengembangan aplikasi;\r\nd. dokumen pengujian (user acceptance testing, system testing dan lain-lain;\r\ne. dokumen pelatihan aplikasi;\r\nf. dokumen manual penggunaan (user manual) dan petunjuk instalasi;\r\ng. dokumen penjaminan mutu;\r\nh. dokumen rilis;\r\ni. dokumen perubahan (misalnya request for change);\r\nj. dokumen gangguan dan permasalahan;\r\nk. dokumen konfigurasi dan asset;\r\nl. dokumen pemenuhan permintaan; dan\r\nm. dokumen kapasitas dan dokumen ketersediaan.','Y'),(292,19,'TI1.1.2','APLIKASI KHUSUS','Arsip yang berkaitan dengan kegiatan perencanaan, pembangunan, pengelolaan, dan pengembangan aplikasi khusus (aplikasi perpajakan, aplikasi penganggaran, aplikasi perbendaharaan, aplikasi bea cukai dan sejenisnya), seperti:\r\na. dokumen user requirement;\r\nb. dokumen analisis kebutuhan pengguna; \r\nc. dokumen pengembangan aplikasi;\r\nd. dokumen pengujian (user acceptance testing, system testing dan lain-lain;\r\ne. dokumen pelatihan aplikasi;\r\nf. dokumen manual penggunaan (user manual) dan\r\ng. petunjuk instalasi dokumen penjaminan mutu;\r\nh. dokumen penjaminan mutu;\r\ni. dokumen rilis;\r\nj. dokumen perubahan (misalnya request for change);\r\nk. dokumen gangguan dan permasalahan;\r\nl. dokumen konfigurasi dan asset;\r\nm. dokumen pemenuhan permintaan; dan\r\nn. dokumen kapasitas dan dokumen ketersediaan.','Y'),(293,19,'TI1.2','JARINGAN KOMUNIKASI','Arsip yang berkaitan dengan kegiatan perencanaan, pembangunan, pengelolaan, dan pengembangan jaringan komunikasi.','Y'),(294,19,'TI1.2.1','JARINGAN INTERNET DAN EKSTRANET','Arsip yang berkaitan dengan kegiatan perencanaan, pembangunan, pengelolaan, dan pengembangan Jaringan Internet dan Ekstranet, seperti:\r\na. dokumen permohonan pemasangan;\r\nb. dokumen user requirement; \r\nc. dokumen analisis kebutuhan pengguna;\r\nd. dokumen penyusunan rancangan dan rencana pengujian;\r\ne. dokumen pengembangan (penguatan dan pengembangan kapasitas jaringan);\r\nf. dokumen pungujian;\r\ng. dokumen rilis;\r\nh. dokumen perubahan (request for change);\r\ni. dokumen gangguan dan permasalahan;\r\nj. dokumen konfigurasi dan aset;\r\nk. dokumen pemenuhan permintaan;\r\nl. dokumen kapasitas;\r\nm. dokumen ketersediaan; dan\r\nn. laporan reviu /assesment koneksi jaringan.','Y'),(295,19,'TI1.2.2','JARINGAN INTRANET','Arsip yang berkaitan dengan kegiatan perencanaan, pembangunan, pengelolaan, dan pengembangan Jaringan Internet, seperti:\r\na. dokumen permohonan pemasangan jaringan internet;\r\nb. dokumen user requirement; \r\nc. dokumen permohonan port server;\r\nd. dokumen analisis kebutuhan pengguna;\r\ne. dokumen penyusunan rancangan dan rencana pengujian;\r\nf. dokumen pengembangan (penguatan dan pengembangan kapasitas jaringan);\r\ng. dokumen pengujian;\r\nh. dokumen pembukaan routing interkoneksi jaringan;\r\ni. dokumen rilis;\r\nj. dokumen perubahan (request for change);\r\nk. dokumen gangguan dan permasalahan, dokumen konfigurasi atau aset;\r\nl. dokumen pemenuhan permintaan;\r\nm. dokumen kapasitas; \r\nn. dokumen ketersediaan; dan\r\no. laporan reviu/assessment konektivitas jaringan.','Y'),(296,19,'TI1.2.3','PENGELOLAAN SISTEM KOLABORASI','Arsip yang berkaitan dengan kegiatan perencanaan, pembangunan, pengelolaan, dan pengembangan sistem kolaborasi, seperti:\r\na. dokumen user requirement;\r\nb. dokumen analisis kebutuhan pengguna; \r\nc. dokumen penyusunan rancangan dan rencana pengujian;\r\nd. dokumen pengembangan jaringan;','Y'),(297,19,'TI1.3','BASIS DATA','Arsip yang berkaitan dengan kegiatan perencanaan, pembangunan, pengelolaan, dan pengembangan basis data serta penyajian data dan sistem layanan data baik yang memanfaatkan server fisik, server virtual, maupun layanan cloud.','Y'),(298,19,'TI1.3.1','OPERASIONAL BASIS DATA','Arsip yang berkaitan dengan kegiatan perencanaan, pembangunan, pengelolaan, dan pengembangan basis data, seperti:\r\na. dokumen user requirement\r\nb. dokumen analisis kebutuhan pengguna\r\nc. dokumen penyusunan rancangan dan rencana pengujian\r\nd. dokumen pengembangan\r\ne. dokumen pengujian\r\nf. dokumen rilis\r\ng. dokumen perubahan(request for change)\r\nh. dokumen gangguan dan permasalahan\r\ni. dokumen konfigurasi dan aset\r\nj. dokumen pemenuhan permintaan\r\nk. dokumen kapasitas\r\nl. dokumen ketersediaan\r\nm. dokumen lisensi basis data/database(oracle,mysql dll)\r\nn. dokumen tanggapan permintaan lisensi database oracle\r\no. dokumen rencana kapasitas basis data dari\r\np. dokumen monitoring kinerja basis data','Y'),(299,19,'TI1.3.2','PENYAJIAN DATA','Arsip yang berkaitan dengan kegiatan perencanaan, pembangunan, pengelolaan, dan pengembangan sistem penyajian data seperti:\r\na. dokumen user requirement\r\nb. dokumen analisis kebutuhan pengguna\r\nc. dokumen penyusunan rancangan dan rencana pengujian\r\nd. dokumen pengembangan\r\ne. dokumen pengujian\r\nf. dokumen rilis\r\ng. dokumen perubahan(request for change)\r\nh. dokumen gangguan dan permasalahan\r\ni. dokumen konfigurasi dan aset\r\nj. dokumen pemenuhan pemintaan\r\nk. dokumen kapasitas\r\nl. dokumen ketersediaan\r\nm. dokumen pengelolaan Decision Support System&#40;DSS&#41;, dan\r\nn. dokumen pengelolaan Executive Information System&#40;EIS&#41;','Y'),(300,19,'TI1.3.3','SISTEM LAYANAN DATA','Arsip yang berkaitan dengan kegiatan perencanaan, pembangunan, pengelolaan, dan pengembangan sistem layanan data seperti:\r\na. dokumen user requirement\r\nb. dokumen analisis kebutuhan pengguna\r\nc. dokumen penyusunan rancangan dan rencana pengujian\r\nd. dokumen pengembangan\r\ne. dokumen pengujian\r\nf. dokumen rilis\r\ng. dokumen perubahan(request for change)\r\nh. dokumen gangguan dan permasalahan\r\ni. dokumen konfigurasi dan aset\r\nj. dokumen pemenuhan pemintaan\r\nk. dokumen kapasitas\r\nl. dokumen ketersediaan\r\nm. dokumen kebutuhan layanan\r\nn. dokumen permohonan pemintaan data\r\no. dokumen pertukaran data dan\r\np. dokumen pemenuhan permohonan permintaan data','Y'),(301,19,'TI1.3.4','WEB SERVICE (API)','','Y'),(302,19,'TI1.4','SERVER','Arsip yang berkaitan dengan kegiatan perencanaan, pembangunan, pengelolaan, dan pengembangan server.','Y'),(303,19,'TI1.4.1','SERVER FISIK','Arsip yang berkaitan dengan kegiatan perencanaan, pembangunan, pengelolaan, dan pengembangan server fisik, seperti:\r\na. dokumen user requirement\r\nb. dokumen analisis kebutuhan pengguna\r\nc. dokumen penyusunan rancangan dan rencana pengujian\r\nd. dokumen pengembangan\r\ne. dokumen pengujian\r\nf. dokumen rilis\r\ng. dokumen perubahan(request for change)\r\nh. dokumen gangguan dan permasalahan\r\ni. dokumen konfigurasi dan aset\r\nj. dokumen pemenuhan pemintaan\r\nk. dokumen kapasitas\r\nl. dokumen ketersediaan\r\nm. dokumen permohonan izin co-location perangkat server\r\nn. dokumen penyediaan server\r\no. dokumen rencana kapasitas server dan\r\np. dokumen monitoring kinerja server','Y'),(304,19,'TI1.4.2','SERVER VIRTUAL','Arsip yang berkaitan dengan kegiatan perencanaan, pembangunan, pengelolaan, dan pengembangan server virtual termasuk cloud, seperti:\r\na. dokumen user requirement\r\nb. dokumen analisis kebutuhan pengguna\r\nc. dokumen penyusunan rancangan dan rencana pengujian\r\nd. dokumen pengembangan\r\ne. dokumen pengujian\r\nf. dokumen rilis\r\ng. dokumen perubahan(request for change)\r\nh. dokumen gangguan dan permasalahan\r\ni. dokumen konfigurasi dan aset\r\nj. dokumen pemenuhan pemintaan\r\nk. dokumen kapasitas\r\nl. dokumen ketersediaan\r\nm. dokumen permohonan penyediaan virtual server\r\nn. dokumen pemenuhan permintaan (virtual server/cloud server) dan\r\no. dokumen peningkatan kapasitas cloud storage','Y'),(305,19,'TI2','TATA KELOLA TEKNOLOGI INFORMASI DAN KOMUNIKASI (TIK)','Arsip yang berkaitan dengan kegiatan pengelolaan TIK, pemanfaatan TIK, dan transformasi digital(diluar Sistem Informasi)','Y'),(306,19,'TI2.1','LAYANAN TEKNOLOGI INFORMASI DAN KOMUNIKASI','Arsip yang berkaitan dengan pengelolaan layanan TIK yang dilaksanakan oleh Unit TIK.','Y'),(307,19,'TI2.1.1','PERENCANAAN, MONITORING DAN EVALUASI LAYANAN TEKNOLOGI INFORMASI & KOMUNIKASI','Arsip yang berkaitan dengan kegiatan perencanaan, monitoring dan evaluasi layanan Teknologi Informasi dan Komunikasi (TIK), seperti:\r\na. dokumen rencana manajemen mutu dan layanan TIK\r\nb. dokumen information technology service management plan(itsm plan)\r\nc. dokumen quality management service plan\r\nd. dokumen information technology service continuity management plan(itscm plan)\r\ne. dokumen pemantauan dan evaluasi layanan TIK\r\nf. dokumen service improvement plan\r\ng. dokumen tinjauan manajemen mutu dan layanan TIK','Y'),(308,19,'TI2.1.2','TINGKAT LAYANAN TEKNOLOGI INFORMASI DAN KOMUNIKASI','Arsip yang berkaitan dengan pengelolaan tingkat Layanan Teknologi Informasi dan Komunikasi, seperti:\r\na. Tingkat Layanan Teknologi Informasi dan Komunikasi\r\nb. Arsip yang berkaitan dengan pengelolaan tingkat layanan\r\nc. Teknologi Informasi Dan Komunikasi, seperti:\r\na. dokumen katalog layanan TIK(IT service catalog)\r\nb. dokumen service level agreement(SLA)\r\nc. dokumen operational level agreement(OLA)\r\nd. dokumen pengelolaan hubungan dengan pengguna layanan, dan\r\ne. dokumen survei kepuasan pengguna layanan TIK','Y'),(309,19,'TI2.2','KEAMANAN INFORMASI','Arsip yang berkaitan dengan penerapan sistem manajemen keamanan informasi, diantaranya termasuk perencanaan, pengelolaan, monitoring dan evaluasi keamanan informasi.','Y'),(310,19,'TI2.2.1','PENGELOLAAN KEAMANAN INFORMASI','Arsip yang berkaitan dengan kegiatan perencanaan, pembangunan, pengelolaan dan pengembangan keamanan informasi, seperti:\r\na. dokumen analisis kebutuhan pengguna\r\nb. dokumen penyusunan rancangan dan rencana pengujian\r\nc. dokumen pengembangan\r\nd. dokumen pengujian\r\ne. dokumen pelatihan\r\nf. dokumen perubahan (request for changes)\r\ng. dokumen gangguan dan permasalahan\r\nh. dokumen konfigurasi dan aset\r\ni. dokumen pemenuhan permintaan\r\nj. dokumen kapasitas, dokumen ketersediaan\r\nk. dokumen pengelolaan tanda tangan elektronik\r\nl. dokumen penyampaian permohonan penerbitan sertifikat elektronik/digital signature\r\nm. laporan pengelolaan Layanan Sertiikat Elektronik(Digital Signature/DS\r\nn. dokumen update progress terkait pemanfaatan DS di Sistem Informasi Mahkamah Agung','Y'),(311,19,'TI2.2.2','PENGENDALIAN KEAMANAN INFORMASI','Arsip yang berkaitan dengan pemantauan dan evaluasi hak ases pengguna, deteksi dan tindak lanjut upaya penerobosan keamanan informasi, seperti:\r\na. dokumen kerentanan sistem keamanan informasi\r\nb. dokumen pengelolaan kegiatan forum keamanan informasi\r\nc. dokumen analisis log perangkat keamanan informasi\r\nd. dokumen pemetaan akses matrik\r\ne. dokumen vulnerability assesment(VA)\r\nf. dokumen pengelolaan antivirus\r\ng. dokumen reviu matrik akses\r\nh. laporan hasil uji kerentanan (vulnerability assesment) aplikasi\r\ni. dokumen progres tindak lanjut hasil uji kerentanan (vulnerability assesment) aplikasi, dan\r\nj. dokumen himbauan terhadap keamanan informasi dan penggunaan antivirus pada satuan kerja','Y'),(312,20,'DL','PENDIDIKAN DAN PELATIHAN','','Y'),(313,20,'DL1','PENDIDIKAN DAN PELATIHAN','Arsip yang berkaitan dengan kegiatan pendidikan dan pelatihan di Lingkungan Mahkamah Agung dan Badan Peradilan yang Berada di Bawahnya dalam peningkatan Sumber Daya Manusia Aparatur','Y'),(314,20,'DL1.1','BEASISWA','','Y'),(315,20,'DL1.2','SERTIFIKAT KEAHLIAN','','Y'),(316,20,'DL1.3','PERENCANAAN PEMBELAJARAN DAN PENGEMBANGAN PROGRAM','Arsip yang berkaitan dengan perencanaan dan pengembangan program pembelajaran, seperi:\r\na. laporan Analisis Kebutuhan Pembelajaran (AKP) unit pengguna\r\nb. kelender pembelajaran\r\nc. buku program pembelajaran\r\nd. pola pembelajaran\r\ne. laporan sinkronisasi antara program pembelajaran yang diselenggarakan oleh balai diklat dengan hasil AKP unit pengguna dan kelender pembelajaran pusdiklat\r\nf. surat usulan program yang akan divalidasi\r\ng. laporan validasi program pembelajaran\r\nh. tindak lanjut hasil rekomendasi validasi program pembelajaran\r\ni. telaah pemintaan kerja sama pembelajaran\r\nj. surat persetujuan/penolakan atas permintaan kerja sama pembelajaran\r\nk. tindak lanjut atas rekomendasi hasil evaluasi pembelajaran\r\nl. lembar pengesahan modul pembelajaran\r\nm. modul pembelajaran\r\nn. notula seminar modul\r\no. undangan seminar modul\r\np. surat tugas peserta seminar modul\r\nq. daftar hadir peserta seminar modul\r\nr. materi pembelajaran selain modul, dan\r\ns. kerangka acuan program pembelajaran','Y'),(317,20,'DL1.4','KURIKULUM DAN SILABUS','Arsip yang berkaitan dengan kurikulum dan silabus pembelajaran, seperti:\r\na. kerangka acuan pembelajaran\r\nb. garis-garis besar program pembelajaran (GBPP)\r\nC. satuan acara pembelajaran (SAP)\r\nd. kerangka naskah soal, dan\r\ne. laporan desain pembelajaran','Y'),(318,20,'DL1.5','TENAGA PENGAJAR','Arsip yang berkaitan dengan tenaga pengajar, seperti:\r\na. rekomendasi pengajar\r\nb. penyataan/keterangan melaksanakan kegiatan mengajar\r\nc. riwayat hidup\r\nd. database tenaga pengajar\r\ne. rencana kerja widyaiswara, dan\r\nf. surat usulan pengembangan kompetensi widyaiswara','Y'),(319,20,'DL1.6','PENYELENGGARAAN PEMBELAJARAN','Arsip yang berkaitan dengan penyelengaraan pembelajaran pegawai Mahkamah Agung meliputi daftar hadir, ujian, tugas akhir, pelaporan, dan evaluasi, seperti:\r\na. permintaan pengembalian peserta\r\nb. berkas registrasi peserta\r\nc. berkas persyaratan peserta pelatihan\r\nd. seleksi penerimaan calon peserta pelatihan\r\ne. daftar hadir dan rekap kehadiran\r\nf. pre-test dan post-test\r\ng. action learning/praktikum kerja lapangan, mentoring dan coaching, aktualisasi\r\nh. naskah nasional\r\ni. pelaksanaan ujian\r\nj. lembar jawab peserta\r\nk. rekapitulasi hasil ujian\r\nl. laporan pelaksanaan\r\nm. formulir A (rencana awal penyelengaraan pembelajaran)\r\nn. surat tugas penyelengaraan pembelajaran\r\no. permintaan perlengkapan peserta\r\np. buku pedoman penyelengaraan pembelajaran\r\nq. surat tugas pembukaan dan penutupan\r\nr. izin ke luar/menginap di luar asrama\r\ns. surat sanksi peserta pembelajaran, dan\r\nt. surat pengembalian peserta','Y'),(320,20,'DL1.7','EVALUASI PEMBELAJARAN','Arsip yang berkaitan dengan pelaksanaan dan evaluasi program pembelajaran, seperti:\r\na. evaluasi pelaksanaan pembelajaran\r\nb. evaluasi pengajar dan penyelengaraan pembelajaran\r\nc. hasil evaluasi tahap muka\r\nd. proposal evaluasi pasca pembelajaran\r\ne. kuesioner evaluasi pasca pembelajaran\r\nf. hasil pengumpulan data evaluasi pasca pembelajaran\r\ng. hasil koreksi ujian pembelajaran\r\nh. berita acara pelaksanaan validasi naskah soal\r\ni. formulir validasi naskah soal\r\nj. rekapitulasi nilai peserta pembelajaran\r\nk. daftar hadir, notula, berita acara kelulusan peserta\r\nl. pengumuman hasil pembelajaran\r\nm. laporan monitoring tindak lanjut rekomendasi\r\nn. formulir B (realisasi pembelajaran)\r\no. laporan penyelengaraan\r\np. laporan periodik kerja sama pembelajaran\r\nq. rekomendasi hasil evaluasi pengajar dan pembelajaran, dan\r\nr. hasil analisis evaluasi pasca pembelajaran','Y'),(321,20,'DL1.8','MONITORING DAN EVALUASI PROGRAM PEMBELAJARAN','Arsip yang berkaitan dengan pelaksanaan monitoring dan evauasi program pembelajaran, seperti:\r\na. monitoring program pembelajaran, dan\r\nb. evaluasi pengajar dan penyelenggaraan pembelajaran','Y'),(322,20,'DL1.9','PENERBITAN SURAT KETERANGAN PEMBELAJARAN','Arsip yang berkaitan dengan penerbitan Surat Keterangan Pembelajaran serta pemutakhiran database alumni pembelajaran, seperti:\r\na. buku register pembelajaran, dan\r\nb. database alumni pembelajaran','Y'),(323,20,'DL1.10','SOSIALISASI, BIMBINGAN TEKNIS, KONSULTASI DAN ASISTENSI','Arsip yang berkaitan dengan kegiatan Mahkamah Agung dalam memberikan sosialisasi, bimbingan teknis, konsultasi dan asistensi, seperti:\r\na. surat permohonan\r\nb. surat izin mengikuti kegiatan\r\nc. surat undangan\r\nd. surat tugas narasumber, asistensi, dan peserta\r\ne. kerangka acuan kegiatan\r\nf. bahan materi, dan\r\ng. laporan kegiatan','Y'),(324,21,'RA','PERENCANAAN ANGGARAN','','Y'),(325,21,'RA1','PERENCANAAN ANGGARAN','','Y'),(326,21,'RA1.1','PENYUSUNAN RENCANA PROGRAM','','Y'),(327,21,'RA1.2','RENCANA JANGKA PANJANG STRATEGIS MAHKAMAH AGUNG','','Y'),(328,21,'RA1.3','RENCANA KERJA STRATEGIS LIMA TAHUNAN (RENSTRA)','Arsip yang berkaitan dengan RENSTRA di Lingkungan Mahkamah Agung dan Badan Peradilan yang Berada di Bawahnya','Y'),(329,21,'RA1.4','PERENCANAAN LINTAS KEMENTERIAN/LEMBAGA','Arsip yang berkaitan dengan tema lintas sektorat','Y'),(330,21,'RA1.5','RENCANA KERJA (RENJA)','Arsip yang berkaitan dengan RENJA Mahkamah Agung dan RENJA unit organisasi di Lingkungan Mahkamah Agung dari Badan Peradilan yang Berada di Bawahnya','Y'),(331,21,'RA1.6','USULAN ANGGARAN','','Y'),(332,21,'RA1.7','PENYUSUNAN ANGGARAN','','Y'),(333,21,'RA1.8','REVISI ANGGARAN','','Y'),(334,21,'RA1.9','RENCANA KINERJA TAHUNAN (RKT)','','Y'),(335,21,'RA1.10','PERJANJIAN KINERJA TAHUNAN (PKT)','','Y'),(336,22,'KU','KEUANGAN','','Y'),(337,22,'KU1','PELAKSANAAN ANGGARAN DAN PERTANGGUNGJAWABAN','','Y'),(338,22,'KU1.1','PERBENDAHARAAN','','Y'),(339,22,'KU1.1.1','PENETAPAN PA, KPA, PPK, BENDAHARA, DAN PENGELOLA KEUANGAN','','Y'),(340,22,'KU1.1.2','DOKUMEN PERTANGGUNGJAWABAN ATAS BEBAN APBN','','Y'),(341,22,'KU1.1.3','LAPORAN PEMBAYARAN DAN PERTANGGUNGJAWABAN ATAS BEBAN APBN','','Y'),(342,22,'KU1.1.4','ASISTENSI PELAKSANAAN ANGGARAN','','Y'),(343,22,'KU1.1.5','DATA REKENING BUN','','Y'),(344,22,'KU1.2','LAPORAN PERKEMBANGAN PENYELESAIAN KERUGIAN NEGARA','','Y'),(345,22,'KU1.3','PELAKSANAAN TUNTUTAN GANTI RUGI','','Y'),(346,22,'KU1.4','PENERIMAAN NEGARA BUKAN PAJAK','','Y'),(347,22,'KU2','PELAPORAN','','Y'),(348,22,'KU2.1','PENYUSUNAN LAPORAN KEUANGAN','','Y'),(349,22,'KU2.2','REKONSILIASI LAPORAN KEUANGAN','','Y'),(350,23,'OT','ORGANISASI TATALAKSANA','','Y'),(351,23,'OT1','ORGANISASI DAN TATALAKSANA','','Y'),(352,23,'OT1.1','PEMBENTUKAN/PERUBAHAN/PENGHAPUSAN ORGANISASI','Arsip yang berkaitan dengan kegiatan Mahkamah Agung berupa pembentukan, perubahan, dan penghapusan organisasi dan unit kerja di Lingkungan Mahkamah Agung dan Badan Peradilan yang Berada di Bawahnya','Y'),(353,23,'OT1.2','TATALAKSANA/MEKANISME KERJA','Arsip yang berkaitan dengan tatalaksana Mahkamah Agung meliputi, standarisasi/ pembakuan sistem/ work instruction, proses bisnis, enterprise arsitektur','Y'),(354,23,'OT1.3','ANALISIS JABATAN DAN ANALISIS BEBAN KERJA','','Y'),(355,23,'OT1.4','EVALUASI JABATAN','','Y'),(356,23,'OT1.5','PETA JABATAN','','Y'),(357,23,'OT1.6','KINERJA ORGANISASI','','Y'),(358,23,'OT1.7','PENILAIAN MATURITAS SISTEM PENGENDALIAN INTERN PEMERINTAH (SPIP)','','Y'),(367,NULL,'A','AAB','AAAB','N'),(368,NULL,'A','AAB','AAAB','N'),(369,NULL,'A','AAB','AAAB','N'),(370,NULL,'A','AAB','AAAB','N'),(371,NULL,'A','AAB','AAAB','N'),(372,NULL,'A','AAB','AAAB','N'),(373,NULL,'A','AAB','AAAB','N'),(374,NULL,'AA','AAB','AAAB','N'),(375,NULL,'AA','AAB','AAAB','N'),(376,NULL,'AA','AAB','AAAB','N'),(377,NULL,'A','AAB','AAAB','N'),(378,NULL,'AB','AAB','AAAB','N'),(379,NULL,'A','AAB','AAAB','N'),(380,NULL,'A','AAB','AAAB','N'),(381,NULL,'AA','AAB','AAAB','N'),(382,NULL,'A','AAB','AAA','N'),(383,NULL,'A','AAB','AAA','N'),(384,NULL,'A','AAB','AAA','N'),(385,NULL,'A','AAB','AAAB','N'),(386,NULL,'A','AAB','AAAB','N'),(387,NULL,'A','AAB1','AAAB','N');

/*Table structure for table `kode_jabatan` */

CREATE TABLE `kode_jabatan` (
  `id` int(10) NOT NULL AUTO_INCREMENT,
  `alias` varchar(7) DEFAULT NULL,
  `nama` varchar(30) NOT NULL,
  `keterangan` varchar(255) NOT NULL,
  `bagian` int(1) NOT NULL COMMENT '0:semua; 1:sek; 2:pan;',
  `warna` varchar(11) NOT NULL DEFAULT '#000000',
  `aktif` char(1) NOT NULL DEFAULT 'Y',
  PRIMARY KEY (`id`)
) ENGINE=InnoDB AUTO_INCREMENT=13 DEFAULT CHARSET=latin1;

/*Data for the table `kode_jabatan` */

insert  into `kode_jabatan`(`id`,`alias`,`nama`,`keterangan`,`bagian`,`warna`,`aktif`) values (1,'KPA','Ketua','Ketua',0,'#166534','Y'),(2,'WKPA','Wakil Ketua','Wakil Ketua',0,'#16a34a','Y'),(3,'PAN.PA','Panitera','Panitera',2,'#f39e1f','Y'),(4,'SEK.PA','Sekretaris','Sekretaris',1,'#1e40af','Y'),(5,'SEK.01','Kasub. PTIP','Kepala Sub Bagian Perencanaan Teknonologi Informasi dan Pelaporan',1,'#2563eb','Y'),(6,'SEK.02','Kasub. Kepeg','Kepala Sub Bagian Kepegawaian',1,'#2563eb','Y'),(7,'SEK.03','Kasub. Umum','Kepala Sub Bagian Umum',1,'#2563eb','Y'),(8,'PAN.01','Panmud Permohonan','Panitera Muda Permohonan',2,'#f6b708','Y'),(9,'PAN.02','Panmud Gugatan','Panitera Muda Gugatan',2,'#f6b708','Y'),(10,'PAN.03','Panmud Hukum','Panitera Muda Hukum',2,'#f6b708','Y'),(12,'','Operator','Operator Umum',0,'#ca8a04','Y');

/*Table structure for table `penetapan` */

CREATE TABLE `penetapan` (
  `id` int(10) NOT NULL AUTO_INCREMENT,
  `alias` varchar(7) NOT NULL,
  `nama` varchar(30) NOT NULL,
  `aktif` char(1) NOT NULL DEFAULT 'Y',
  PRIMARY KEY (`id`)
) ENGINE=InnoDB AUTO_INCREMENT=8 DEFAULT CHARSET=latin1;

/*Data for the table `penetapan` */

insert  into `penetapan`(`id`,`alias`,`nama`,`aktif`) values (1,'UND.','Undangan','Y'),(2,'PENG.','Pengumuman','Y'),(3,'ST.','Surat Tugas','Y'),(4,'SP.','Surat Perintah','Y'),(5,'SK.','Surat Keputusan','Y'),(6,'SKET.','Surat Keterangan','Y'),(7,'-','Naskah Dinas Korespondensi','Y');

/*Table structure for table `pengaturan` */

CREATE TABLE `pengaturan` (
  `id` int(1) NOT NULL,
  `nama` varchar(100) DEFAULT NULL,
  `alamat` varchar(200) DEFAULT NULL,
  `telepon` varchar(15) DEFAULT NULL,
  `fax` varchar(100) DEFAULT NULL,
  `email` varchar(100) DEFAULT NULL,
  `website` varchar(100) DEFAULT NULL,
  `kode_satker` varchar(10) DEFAULT NULL,
  `nama_petugas` varchar(100) DEFAULT NULL,
  `nip_petugas` varchar(20) DEFAULT NULL,
  `wa_petugas` varchar(15) DEFAULT NULL,
  `nama_atasan` varchar(100) DEFAULT NULL,
  `jabatan` varchar(100) DEFAULT NULL,
  `nip_atasan` varchar(20) DEFAULT NULL,
  `kode_surat` varchar(8) DEFAULT NULL,
  `logdate` datetime DEFAULT NULL,
  PRIMARY KEY (`id`)
) ENGINE=InnoDB DEFAULT CHARSET=latin1;

/*Data for the table `pengaturan` */

insert  into `pengaturan`(`id`,`nama`,`alamat`,`telepon`,`fax`,`email`,`website`,`kode_satker`,`nama_petugas`,`nip_petugas`,`wa_petugas`,`nama_atasan`,`jabatan`,`nip_atasan`,`kode_surat`,`logdate`) values (1,'Pengadilan Agama XXXXXXX','Jalan Mahoni No.03 Komplek Perkantoran Pemkab. Deli Serdang, Lubuk Pakam, Sumatera Utara 20514','(061) 795-2010','(061) 795-6255','palubukpakam2012@gmail.com','http://www.pa-lubukpakam.go.id','100001','Rizka Ardiana Lubis, S.E.','199508232020122015','089632923193','Dela Krisna, S.H.','Sekretaris','198812252014031003','W2-A10','2025-01-15 15:10:13');

/*Table structure for table `sifat` */

CREATE TABLE `sifat` (
  `id` int(10) NOT NULL AUTO_INCREMENT,
  `nama` varchar(30) NOT NULL,
  `aktif` char(1) NOT NULL DEFAULT 'Y',
  PRIMARY KEY (`id`)
) ENGINE=InnoDB AUTO_INCREMENT=5 DEFAULT CHARSET=latin1;

/*Data for the table `sifat` */

insert  into `sifat`(`id`,`nama`,`aktif`) values (1,'Biasa','Y'),(2,'Terbatas','Y'),(3,'Rahasia','Y'),(4,'Sangat Rahasia','Y');

/*Table structure for table `surat_keluar` */

CREATE TABLE `surat_keluar` (
  `id` int(11) NOT NULL AUTO_INCREMENT,
  `no_agenda` bigint(11) DEFAULT NULL,
  `klasifikasi` varchar(50) DEFAULT NULL,
  `no_surat` varchar(255) NOT NULL,
  `tanggal_surat` date NOT NULL,
  `tujuan` varchar(255) DEFAULT NULL,
  `isi_ringkas` text,
  `unit_pengolah` varchar(50) NOT NULL,
  `jabt_pengolah` int(4) DEFAULT NULL,
  `keterangan` varchar(255) DEFAULT NULL,
  `file` varchar(255) DEFAULT NULL,
  `status` int(1) NOT NULL DEFAULT '0',
  `terima` int(1) NOT NULL DEFAULT '0',
  `tgl_terima` datetime DEFAULT NULL,
  `kodebar` varchar(80) DEFAULT NULL,
  `kodests` int(1) NOT NULL DEFAULT '0',
  `urldrive` varchar(255) DEFAULT NULL,
  `sifat` varchar(30) NOT NULL,
  `surat_jabatan` varchar(11) DEFAULT NULL,
  `urutan_surat` int(11) DEFAULT NULL,
  `desk_surat` varchar(255) DEFAULT NULL,
  `penetapan` varchar(30) NOT NULL,
  `unit_pan` int(1) NOT NULL DEFAULT '0',
  `unit_sek` int(1) NOT NULL DEFAULT '0',
  `tgl_masuk` timestamp NOT NULL DEFAULT CURRENT_TIMESTAMP,
  `tgl_ubah` datetime DEFAULT NULL,
  PRIMARY KEY (`id`)
) ENGINE=InnoDB DEFAULT CHARSET=latin1;

/*Data for the table `surat_keluar` */

/*Table structure for table `surat_masuk` */

CREATE TABLE `surat_masuk` (
  `id` int(11) NOT NULL AUTO_INCREMENT,
  `no_agenda` int(11) NOT NULL,
  `klasifikasi` varchar(255) NOT NULL,
  `sifat` int(2) NOT NULL,
  `asal_surat` varchar(255) NOT NULL,
  `no_surat` varchar(255) NOT NULL,
  `tanggal_surat` date NOT NULL,
  `kodeltr` int(1) DEFAULT '0',
  `kodebar` varchar(80) DEFAULT NULL,
  `kodeins` varchar(80) DEFAULT NULL,
  `kodests` int(1) NOT NULL DEFAULT '0',
  `gdrive` varchar(255) DEFAULT NULL,
  `penetapan` varchar(30) DEFAULT NULL,
  `unit_pengolah` varchar(50) DEFAULT NULL,
  `bagian` int(1) DEFAULT NULL,
  `unit_sek` int(1) DEFAULT NULL,
  `tanggal_terima` date DEFAULT NULL,
  `isi_ringkas` text NOT NULL,
  `keterangan` varchar(255) NOT NULL,
  `status` int(1) DEFAULT NULL,
  `file` varchar(255) NOT NULL,
  `dis` int(1) DEFAULT NULL,
  `apps` int(1) DEFAULT NULL,
  `tgl_masuk` timestamp NOT NULL DEFAULT CURRENT_TIMESTAMP,
  `tgl_ubah` datetime DEFAULT NULL,
  `tlh_judul` varchar(255) DEFAULT NULL,
  `tlh_persoalan` text,
  `tlh_anggapan` text,
  `tlh_fakta` text,
  `tlh_analisis` text,
  `tlh_kesimpulan` text,
  `tlh_saran` text,
  `tlh_jabatan` int(4) DEFAULT NULL,
  `tlh_nama` int(5) DEFAULT NULL,
  `tlh_tanggal` timestamp NULL DEFAULT NULL,
  `dis_terakhir` int(4) DEFAULT NULL,
  `tgl_arsip` timestamp NULL DEFAULT NULL,
  PRIMARY KEY (`id`)
) ENGINE=InnoDB DEFAULT CHARSET=latin1;

/*Data for the table `surat_masuk` */

/*Table structure for table `tb_faq` */

CREATE TABLE `tb_faq` (
  `id` int(3) NOT NULL AUTO_INCREMENT,
  `urut` int(3) DEFAULT NULL,
  `pertanyaan` varchar(100) DEFAULT NULL,
  `jawaban` text,
  `aktif` char(1) NOT NULL DEFAULT 'Y',
  PRIMARY KEY (`id`)
) ENGINE=InnoDB AUTO_INCREMENT=14 DEFAULT CHARSET=latin1;

/*Data for the table `tb_faq` */

insert  into `tb_faq`(`id`,`urut`,`pertanyaan`,`jawaban`,`aktif`) values (1,1,'Apa itu Dashboard?','Menampilkan informasi secara visual yang menyajikan berbagai jenis data dalam satu tempat secara terpusat, yang mampu menampilkan data ringkasan dari berbagai data yang ada.','T'),(2,2,'Apa itu Klasifikasi dan Konfigurasi Surat?','Merupakan data khusus (default) yang wajib dilengkapi dengan benar sebagai data dukung agar aplikasi sesuai dengan fungsi, penggunaan, dan tujuannya.','Y'),(3,3,'Apa itu Surat Inter-Lokal?','Istilah yang digunakan aplikasi untuk komunikasi (aplikasi) antara dua tempat atau lebih yang tidak berada dalam wilayah yang sama, yang memungkinkan pertukaran informasi (pengiriman / penerimaan) surat yang lebih cepat, tepat, dan efisien di seluruh kantor cabang.','Y'),(4,4,'Apa itu Ekspedisi?','Istilah yang digunakan aplikasi untuk kegiatan pengiriman surat secara cepat dan tepat tujuan dengan mengurangi biaya dan menjangkau antar wilayah yang luas.','Y'),(5,5,'Apa itu Disposisi Surat?','Proses tindak lanjut dari surat masuk dalam organisasi atau perusahaan yang ditujukan kepada pihak tertentu untuk mendapatkan respon atau instruksi.','Y'),(6,6,'Bagaimana cara mengirim surat ke Satker Lain?','Masuk dengan akun Administrator -> menu surat keluar -> tekan tombol Ekspedisi -> pilih dan cari satker tujuan -> tekan label Koneksi (sampai Terhubung) -> tekan label Kirim Surat.','Y'),(7,7,'Bagaimana jika surat gagal dikirim?','&#8227; Pastikan koneksi internet dalam kondisi yang baik.<br />\r\n&#8227; Setiap permasalahan atau kegagalan akan menampilkan informasi dan kode kesalahan, dan harap untuk mengikuti instruksi informasi yang ditampilkan.','Y'),(8,8,'Bagaimana kop surat dan data satker tidak sesuai?','Masuk dengan akun Administrator -> menu konfigurasi surat -> update profil instansi.','Y'),(9,9,'Mengapa pengguna tidak menerima notifikasi whatsapp?','&#8227; Pastikan nomor whatsapp tidak salah dan sesuai format yang ditentukan pada data pengguna.<br />\r\n&#8227; Pastikan masa berlaku Notifikasi Whatsapp masih aktif.','Y'),(10,10,'Apakah bisa mengambil atau mendapatkan nomor surat dari tanggal sebelumnya?','&#8227; Untuk tambah data surat dari operator masih bisa, dengan memberi tambahan a - z dibelakang nomor surat. <br />\r\n&#8227; Untuk permintaan nomor surat, tidak bisa.','Y'),(11,11,'Bagaimana jika nomor pesanan surat tidak terlaksana?','Nomor surat bisa dihapus, dan dapat di ubah dengan kondisi / data yang lain dari akun operator.','Y'),(12,12,'Mengapa lampiran dokumen surat tidak terlihat / tampil?','Pastikan file lampiran surat tersedia atau dapat di-reload kembali halaman web.','Y'),(13,13,'Apakah disposisi surat yang sudah dihentikan dapat di disposisi kembali?','Tidak dapat di disposisikan kembali.','Y');

/*Table structure for table `tbl_petunjuk` */

CREATE TABLE `tbl_petunjuk` (
  `id` int(11) NOT NULL AUTO_INCREMENT,
  `petunjuk` varchar(255) DEFAULT NULL,
  PRIMARY KEY (`id`)
) ENGINE=InnoDB AUTO_INCREMENT=19 DEFAULT CHARSET=latin1;

/*Data for the table `tbl_petunjuk` */

insert  into `tbl_petunjuk`(`id`,`petunjuk`) values (1,'Setuju sesuai ketentuan berlakau'),(2,'Tolak sesuai ketentuan berlaku'),(3,'Selesaikan sesuai ketentuan yang berlaku'),(4,'Jawab sesuai ketentuan yang berlaku'),(5,'Perbaiki'),(6,'Teliti & Pendapat'),(7,'Sesuai Catatan'),(8,'Untuk Perhatian'),(9,'Untuk Diketahui'),(10,'Edaran'),(11,'Bicarakan dengan saya'),(12,'Bicarakan bersama dan laporkan hasilnya'),(13,'Dijadwalkan'),(14,'Simpan'),(15,'Disiapkan'),(16,'Ingatkan'),(17,'Harap dihadiri/diwakili'),(18,'Asli Kepada ......');

/*Table structure for table `update_versi` */

CREATE TABLE `update_versi` (
  `id` int(11) NOT NULL AUTO_INCREMENT,
  `patch_ver` varchar(8) DEFAULT NULL,
  `stamp` timestamp NOT NULL DEFAULT CURRENT_TIMESTAMP,
  `updated_stamp` datetime DEFAULT NULL,
  PRIMARY KEY (`id`)
) ENGINE=InnoDB AUTO_INCREMENT=2 DEFAULT CHARSET=latin1;

/*Data for the table `update_versi` */

insert  into `update_versi`(`id`,`patch_ver`,`stamp`,`updated_stamp`) values (1,'2.0','2024-12-24 17:23:21',NULL);

/*Table structure for table `updates_catatan` */

CREATE TABLE `updates_catatan` (
  `id` bigint(20) NOT NULL AUTO_INCREMENT,
  `patch_ver` varchar(8) NOT NULL,
  `deskripsi` text,
  PRIMARY KEY (`id`)
) ENGINE=InnoDB AUTO_INCREMENT=2 DEFAULT CHARSET=latin1;

/*Data for the table `updates_catatan` */

insert  into `updates_catatan`(`id`,`patch_ver`,`deskripsi`) values (1,'2.0','Perbaikan, tambah fitur, dan perubahan (alur, nama, dll..) aplikasi dari Inspektor ke SAATAP');

/*Table structure for table `user_role` */

CREATE TABLE `user_role` (
  `id` int(11) NOT NULL AUTO_INCREMENT,
  `role` varchar(100) NOT NULL,
  `controller` varchar(100) NOT NULL,
  PRIMARY KEY (`id`)
) ENGINE=InnoDB AUTO_INCREMENT=4 DEFAULT CHARSET=latin1;

/*Data for the table `user_role` */

insert  into `user_role`(`id`,`role`,`controller`) values (1,'Admin','Administrator'),(2,'Umum','Umum'),(3,'User','Pengguna');

